Last updated on 2025-05-08 04:52:22 CEST.
Flavor | Version | Tinstall | Tcheck | Ttotal | Status | Flags |
---|---|---|---|---|---|---|
r-devel-linux-x86_64-debian-clang | 0.0.1 | 1.75 | 18.15 | 19.90 | NOTE | |
r-devel-linux-x86_64-debian-gcc | 0.0.1 | 1.34 | 14.98 | 16.32 | NOTE | |
r-devel-linux-x86_64-fedora-clang | 0.0.1 | 29.45 | OK | |||
r-devel-linux-x86_64-fedora-gcc | 0.0.1 | 28.32 | OK | |||
r-devel-windows-x86_64 | 0.0.1 | 2.00 | 36.00 | 38.00 | OK | |
r-patched-linux-x86_64 | 0.0.1 | 1.70 | 16.35 | 18.05 | OK | |
r-release-linux-x86_64 | 0.0.1 | 1.59 | 16.56 | 18.15 | OK | |
r-release-macos-arm64 | 0.0.1 | 14.00 | OK | |||
r-release-macos-x86_64 | 0.0.1 | 22.00 | OK | |||
r-release-windows-x86_64 | 0.0.1 | 2.00 | 40.00 | 42.00 | OK | |
r-oldrel-macos-arm64 | 0.0.1 | 14.00 | OK | |||
r-oldrel-macos-x86_64 | 0.0.1 | 20.00 | OK | |||
r-oldrel-windows-x86_64 | 0.0.1 | 2.00 | 43.00 | 45.00 | OK |
Version: 0.0.1
Check: CRAN incoming feasibility
Result: NOTE
Maintainer: ‘Clay Ford <joe.clayton.ford@gmail.com>’
The Description field contains
were downloaded from https://www.valottery.com/.
Please enclose URLs in angle brackets (<...>).
Flavors: r-devel-linux-x86_64-debian-clang, r-devel-linux-x86_64-debian-gcc
These binaries (installable software) and packages are in development.
They may not be fully stable and should be used with caution. We make no claims about them.