Last updated on 2025-02-16 08:51:05 CET.
Flavor | Version | Tinstall | Tcheck | Ttotal | Status | Flags |
---|---|---|---|---|---|---|
r-devel-linux-x86_64-debian-clang | 1.1.1 | 18.17 | 136.42 | 154.59 | NOTE | |
r-devel-linux-x86_64-debian-gcc | 1.1.1 | 13.50 | 95.01 | 108.51 | NOTE | |
r-devel-linux-x86_64-fedora-clang | 1.1.1 | 251.12 | OK | |||
r-devel-linux-x86_64-fedora-gcc | 1.1.1 | 233.28 | OK | |||
r-devel-macos-arm64 | 1.1.1 | 71.00 | OK | |||
r-devel-macos-x86_64 | 1.1.1 | 121.00 | OK | |||
r-devel-windows-x86_64 | 1.1.1 | 20.00 | 129.00 | 149.00 | NOTE | |
r-patched-linux-x86_64 | 1.1.1 | 23.37 | 124.45 | 147.82 | OK | |
r-release-linux-x86_64 | 1.1.1 | 16.82 | 126.41 | 143.23 | OK | |
r-release-macos-arm64 | 1.1.1 | 65.00 | OK | |||
r-release-macos-x86_64 | 1.1.1 | 93.00 | OK | |||
r-release-windows-x86_64 | 1.1.1 | 20.00 | 134.00 | 154.00 | OK | |
r-oldrel-macos-arm64 | 1.1.1 | 77.00 | OK | |||
r-oldrel-macos-x86_64 | 1.1.1 | 120.00 | OK | |||
r-oldrel-windows-x86_64 | 1.1.1 | 27.00 | 156.00 | 183.00 | OK |
Version: 1.1.1
Check: Rd cross-references
Result: NOTE
Found the following Rd file(s) with Rd \link{} targets missing package
anchors:
ControlResponseBias.Rd: lavaan
Please provide package anchors for all Rd \link{} targets not in the
package itself and the base packages.
Flavors: r-devel-linux-x86_64-debian-clang, r-devel-linux-x86_64-debian-gcc, r-devel-windows-x86_64
These binaries (installable software) and packages are in development.
They may not be fully stable and should be used with caution. We make no claims about them.