Last updated on 2025-10-23 15:50:17 CEST.
Flavor | Version | Tinstall | Tcheck | Ttotal | Status | Flags |
---|---|---|---|---|---|---|
r-devel-linux-x86_64-debian-clang | 0.12.0 | 76.78 | 65.27 | 142.05 | OK | |
r-devel-linux-x86_64-debian-gcc | 0.12.0 | 57.15 | 47.76 | 104.91 | OK | |
r-devel-linux-x86_64-fedora-clang | 0.12.0 | 255.00 | 4.90 | 259.90 | OK | |
r-devel-linux-x86_64-fedora-gcc | 0.12.0 | 104.00 | 172.56 | 276.56 | OK | |
r-devel-windows-x86_64 | 0.12.0 | 124.00 | 556.00 | 680.00 | OK | |
r-patched-linux-x86_64 | 0.12.0 | 83.85 | 61.89 | 145.74 | OK | |
r-release-linux-x86_64 | 0.12.0 | 86.83 | 61.61 | 148.44 | OK | |
r-release-macos-arm64 | 0.12.0 | 36.00 | 38.00 | 74.00 | OK | |
r-release-macos-x86_64 | 0.12.0 | 61.00 | 98.00 | 159.00 | OK | |
r-release-windows-x86_64 | 0.12.0 | 129.00 | 591.00 | 720.00 | OK | |
r-oldrel-macos-arm64 | 0.12.0 | 43.00 | 107.00 | 150.00 | NOTE | |
r-oldrel-macos-x86_64 | 0.12.0 | 43.00 | 85.00 | 128.00 | NOTE | |
r-oldrel-windows-x86_64 | 0.12.0 | 150.00 | 803.00 | 953.00 | NOTE |
Version: 0.12.0
Check: installed package size
Result: NOTE
installed size is 62.5Mb
sub-directories of 1Mb or more:
extdata 2.8Mb
libs 58.2Mb
Flavors: r-oldrel-macos-arm64, r-oldrel-macos-x86_64, r-oldrel-windows-x86_64
These binaries (installable software) and packages are in development.
They may not be fully stable and should be used with caution. We make no claims about them.