Last updated on 2025-05-08 04:52:22 CEST.
Flavor | Version | Tinstall | Tcheck | Ttotal | Status | Flags |
---|---|---|---|---|---|---|
r-devel-linux-x86_64-debian-clang | 0.4 | 7.55 | 89.38 | 96.93 | OK | |
r-devel-linux-x86_64-debian-gcc | 0.4 | 5.94 | 67.80 | 73.74 | OK | |
r-devel-linux-x86_64-fedora-clang | 0.4 | 150.24 | OK | |||
r-devel-linux-x86_64-fedora-gcc | 0.4 | 143.83 | OK | |||
r-devel-windows-x86_64 | 0.4 | 9.00 | 93.00 | 102.00 | OK | |
r-patched-linux-x86_64 | 0.4 | 8.69 | 85.73 | 94.42 | OK | |
r-release-linux-x86_64 | 0.4 | 8.18 | 86.42 | 94.60 | OK | |
r-release-macos-arm64 | 0.4 | 48.00 | OK | |||
r-release-macos-x86_64 | 0.4 | 75.00 | OK | |||
r-release-windows-x86_64 | 0.4 | 8.00 | 96.00 | 104.00 | OK | |
r-oldrel-macos-arm64 | 0.4 | 45.00 | NOTE | |||
r-oldrel-macos-x86_64 | 0.4 | 67.00 | NOTE | |||
r-oldrel-windows-x86_64 | 0.4 | 11.00 | 117.00 | 128.00 | NOTE |
Version: 0.4
Check: LazyData
Result: NOTE
'LazyData' is specified without a 'data' directory
Flavors: r-oldrel-macos-arm64, r-oldrel-macos-x86_64, r-oldrel-windows-x86_64
These binaries (installable software) and packages are in development.
They may not be fully stable and should be used with caution. We make no claims about them.