Last updated on 2025-02-16 08:51:05 CET.
Flavor | Version | Tinstall | Tcheck | Ttotal | Status | Flags |
---|---|---|---|---|---|---|
r-devel-linux-x86_64-debian-clang | 0.4 | 7.56 | 87.47 | 95.03 | OK | |
r-devel-linux-x86_64-debian-gcc | 0.4 | 6.25 | 66.28 | 72.53 | OK | |
r-devel-linux-x86_64-fedora-clang | 0.4 | 159.84 | OK | |||
r-devel-linux-x86_64-fedora-gcc | 0.4 | 143.89 | OK | |||
r-devel-macos-arm64 | 0.4 | 49.00 | OK | |||
r-devel-macos-x86_64 | 0.4 | 84.00 | OK | |||
r-devel-windows-x86_64 | 0.4 | 10.00 | 96.00 | 106.00 | OK | |
r-patched-linux-x86_64 | 0.4 | 7.73 | 82.26 | 89.99 | NOTE | |
r-release-linux-x86_64 | 0.4 | 7.45 | 83.79 | 91.24 | NOTE | |
r-release-macos-arm64 | 0.4 | 45.00 | NOTE | |||
r-release-macos-x86_64 | 0.4 | 67.00 | NOTE | |||
r-release-windows-x86_64 | 0.4 | 9.00 | 102.00 | 111.00 | NOTE | |
r-oldrel-macos-arm64 | 0.4 | 54.00 | NOTE | |||
r-oldrel-macos-x86_64 | 0.4 | 76.00 | NOTE | |||
r-oldrel-windows-x86_64 | 0.4 | 11.00 | 122.00 | 133.00 | NOTE |
Version: 0.4
Check: LazyData
Result: NOTE
'LazyData' is specified without a 'data' directory
Flavors: r-patched-linux-x86_64, r-release-linux-x86_64, r-release-macos-arm64, r-release-macos-x86_64, r-release-windows-x86_64, r-oldrel-macos-arm64, r-oldrel-macos-x86_64, r-oldrel-windows-x86_64
These binaries (installable software) and packages are in development.
They may not be fully stable and should be used with caution. We make no claims about them.