Last updated on 2025-02-16 08:51:05 CET.
Flavor | Version | Tinstall | Tcheck | Ttotal | Status | Flags |
---|---|---|---|---|---|---|
r-devel-linux-x86_64-debian-clang | 0.7-8 | 2.48 | 35.19 | 37.67 | NOTE | |
r-devel-linux-x86_64-debian-gcc | 0.7-8 | 2.06 | 30.15 | 32.21 | NOTE | |
r-devel-linux-x86_64-fedora-clang | 0.7-8 | 58.25 | NOTE | |||
r-devel-linux-x86_64-fedora-gcc | 0.7-8 | 54.74 | NOTE | |||
r-devel-macos-arm64 | 0.7-8 | 23.00 | NOTE | |||
r-devel-macos-x86_64 | 0.7-8 | 40.00 | NOTE | |||
r-devel-windows-x86_64 | 0.7-8 | 3.00 | 57.00 | 60.00 | NOTE | |
r-patched-linux-x86_64 | 0.7-8 | 3.08 | 33.56 | 36.64 | NOTE | |
r-release-linux-x86_64 | 0.7-8 | 2.42 | 34.44 | 36.86 | NOTE | |
r-release-macos-arm64 | 0.7-8 | 25.00 | NOTE | |||
r-release-macos-x86_64 | 0.7-8 | 38.00 | NOTE | |||
r-release-windows-x86_64 | 0.7-8 | 4.00 | 59.00 | 63.00 | NOTE | |
r-oldrel-macos-arm64 | 0.7-8 | 30.00 | NOTE | |||
r-oldrel-macos-x86_64 | 0.7-8 | 33.00 | NOTE | |||
r-oldrel-windows-x86_64 | 0.7-8 | 4.00 | 83.00 | 87.00 | NOTE |
Version: 0.7-8
Check: Rd files
Result: NOTE
checkRd: (-1) randomVarImpsRFplot.Rd:97: Escaped LaTeX specials: \&
checkRd: (-1) varSelImpSpecRF.Rd:83: Escaped LaTeX specials: \&
Flavors: r-devel-linux-x86_64-debian-clang, r-devel-linux-x86_64-debian-gcc, r-devel-linux-x86_64-fedora-clang, r-devel-linux-x86_64-fedora-gcc, r-devel-macos-arm64, r-devel-macos-x86_64, r-devel-windows-x86_64, r-patched-linux-x86_64, r-release-linux-x86_64, r-release-macos-arm64, r-release-macos-x86_64, r-release-windows-x86_64, r-oldrel-macos-arm64, r-oldrel-macos-x86_64, r-oldrel-windows-x86_64
These binaries (installable software) and packages are in development.
They may not be fully stable and should be used with caution. We make no claims about them.