CRAN Package Check Results for Package varbin

Last updated on 2025-02-16 08:51:05 CET.

Flavor Version Tinstall Tcheck Ttotal Status Flags
r-devel-linux-x86_64-debian-clang 0.2.1 2.28 18.97 21.25 OK
r-devel-linux-x86_64-debian-gcc 0.2.1 1.76 14.99 16.75 OK
r-devel-linux-x86_64-fedora-clang 0.2.1 34.98 OK
r-devel-linux-x86_64-fedora-gcc 0.2.1 33.18 OK
r-devel-macos-arm64 0.2.1 15.00 OK
r-devel-macos-x86_64 0.2.1 23.00 OK
r-devel-windows-x86_64 0.2.1 4.00 41.00 45.00 OK
r-patched-linux-x86_64 0.2.1 2.09 18.21 20.30 NOTE
r-release-linux-x86_64 0.2.1 2.10 18.16 20.26 NOTE
r-release-macos-arm64 0.2.1 14.00 NOTE
r-release-macos-x86_64 0.2.1 21.00 NOTE
r-release-windows-x86_64 0.2.1 4.00 52.00 56.00 NOTE
r-oldrel-macos-arm64 0.2.1 16.00 NOTE
r-oldrel-macos-x86_64 0.2.1 21.00 NOTE
r-oldrel-windows-x86_64 0.2.1 3.00 62.00 65.00 NOTE

Check Details

Version: 0.2.1
Check: LazyData
Result: NOTE 'LazyData' is specified without a 'data' directory Flavors: r-patched-linux-x86_64, r-release-linux-x86_64, r-release-macos-arm64, r-release-macos-x86_64, r-release-windows-x86_64, r-oldrel-macos-arm64, r-oldrel-macos-x86_64, r-oldrel-windows-x86_64

These binaries (installable software) and packages are in development.
They may not be fully stable and should be used with caution. We make no claims about them.