CRAN Package Check Results for Package varclust

Last updated on 2025-11-11 15:50:51 CET.

Flavor Version Tinstall Tcheck Ttotal Status Flags
r-devel-linux-x86_64-debian-clang 0.9.4 2.80 36.88 39.68 NOTE
r-devel-linux-x86_64-debian-gcc 0.9.4 1.93 29.45 31.38 NOTE
r-devel-linux-x86_64-fedora-clang 0.9.4 12.00 47.34 59.34 OK
r-devel-linux-x86_64-fedora-gcc 0.9.4 70.73 OK
r-devel-windows-x86_64 0.9.4 5.00 143.00 148.00 OK
r-patched-linux-x86_64 0.9.4 3.14 34.18 37.32 OK
r-release-linux-x86_64 0.9.4 2.69 34.06 36.75 OK
r-release-macos-arm64 0.9.4 2.00 75.00 77.00 OK
r-release-macos-x86_64 0.9.4 2.00 164.00 166.00 OK
r-release-windows-x86_64 0.9.4 4.00 144.00 148.00 OK
r-oldrel-macos-arm64 0.9.4 2.00 64.00 66.00 OK
r-oldrel-macos-x86_64 0.9.4 2.00 113.00 115.00 OK
r-oldrel-windows-x86_64 0.9.4 5.00 192.00 197.00 OK

Check Details

Version: 0.9.4
Check: CRAN incoming feasibility
Result: NOTE Maintainer: ‘Piotr Sobczyk <pj.sobczyk@gmail.com>’ No Authors@R field in DESCRIPTION. Please add one, modifying Authors@R: c(person(given = "Piotr", family = "Sobczyk", role = c("aut", "cre"), email = "pj.sobczyk@gmail.com"), person(given = "Stanislaw", family = "Wilczynski", role = "aut"), person(given = "Julie", family = "Josse", role = "aut"), person(given = "Malgorzata", family = "Bogdan", role = "aut")) as necessary. Flavors: r-devel-linux-x86_64-debian-clang, r-devel-linux-x86_64-debian-gcc

These binaries (installable software) and packages are in development.
They may not be fully stable and should be used with caution. We make no claims about them.