Last updated on 2025-10-23 23:49:51 CEST.
| Flavor | Version | Tinstall | Tcheck | Ttotal | Status | Flags |
|---|---|---|---|---|---|---|
| r-devel-linux-x86_64-debian-clang | 0.2-1 | 2.62 | 26.14 | 28.76 | NOTE | |
| r-devel-linux-x86_64-debian-gcc | 0.2-1 | 1.99 | 20.39 | 22.38 | NOTE | |
| r-devel-linux-x86_64-fedora-clang | 0.2-1 | 16.00 | 28.00 | 44.00 | OK | |
| r-devel-linux-x86_64-fedora-gcc | 0.2-1 | 40.43 | OK | |||
| r-devel-windows-x86_64 | 0.2-1 | 4.00 | 49.00 | 53.00 | OK | |
| r-patched-linux-x86_64 | 0.2-1 | 3.06 | 25.07 | 28.13 | OK | |
| r-release-linux-x86_64 | 0.2-1 | 2.87 | 25.12 | 27.99 | OK | |
| r-release-macos-arm64 | 0.2-1 | 1.00 | 15.00 | 16.00 | OK | |
| r-release-macos-x86_64 | 0.2-1 | 2.00 | 26.00 | 28.00 | OK | |
| r-release-windows-x86_64 | 0.2-1 | 3.00 | 54.00 | 57.00 | OK | |
| r-oldrel-macos-arm64 | 0.2-1 | 1.00 | 14.00 | 15.00 | OK | |
| r-oldrel-macos-x86_64 | 0.2-1 | 2.00 | 22.00 | 24.00 | OK | |
| r-oldrel-windows-x86_64 | 0.2-1 | 3.00 | 50.00 | 53.00 | OK |
Version: 0.2-1
Check: CRAN incoming feasibility
Result: NOTE
Maintainer: ‘Edzer Pebesma <edzer.pebesma@uni-muenster.de>’
No Authors@R field in DESCRIPTION.
Please add one, modifying
Authors@R: c(person(given = "Ernst",
family = "Glatzer",
role = "aut",
email = "ernst.glatzer@wu-wien.ac.at"),
person(given = "Edzer",
family = "Pebesma",
role = "cre",
email = "edzer.pebesma@uni-muenster.de"))
as necessary.
Flavors: r-devel-linux-x86_64-debian-clang, r-devel-linux-x86_64-debian-gcc
These binaries (installable software) and packages are in development.
They may not be fully stable and should be used with caution. We make no claims about them.