Last updated on 2025-05-01 14:49:26 CEST.
Flavor | Version | Tinstall | Tcheck | Ttotal | Status | Flags |
---|---|---|---|---|---|---|
r-devel-linux-x86_64-debian-clang | 0.2.2 | 21.07 | 110.71 | 131.78 | NOTE | |
r-devel-linux-x86_64-debian-gcc | 0.2.2 | 16.84 | 85.92 | 102.76 | NOTE | |
r-devel-linux-x86_64-fedora-clang | 0.2.2 | 190.63 | OK | |||
r-devel-linux-x86_64-fedora-gcc | 0.2.2 | 188.88 | OK | |||
r-devel-windows-x86_64 | 0.2.2 | 14.00 | 111.00 | 125.00 | OK | |
r-patched-linux-x86_64 | 0.2.2 | 21.78 | 108.20 | 129.98 | OK | |
r-release-linux-x86_64 | OK | |||||
r-release-macos-arm64 | 0.2.2 | 44.00 | OK | |||
r-release-macos-x86_64 | 0.2.2 | 92.00 | OK | |||
r-release-windows-x86_64 | 0.2.2 | 15.00 | 113.00 | 128.00 | OK | |
r-oldrel-macos-arm64 | 0.2.2 | 43.00 | OK | |||
r-oldrel-macos-x86_64 | 0.2.2 | 121.00 | OK | |||
r-oldrel-windows-x86_64 | 0.2.2 | 20.00 | 129.00 | 149.00 | OK |
Version: 0.2.2
Check: CRAN incoming feasibility
Result: NOTE
Maintainer: ‘Joshua F. Wiley <josh@elkhartgroup.com>’
No Authors@R field in DESCRIPTION.
Please add one, modifying
Authors@R: c(person(given = c("Joshua", "F."),
family = "Wiley",
role = c("aut", "cre"),
email = "josh@elkhartgroup.com"),
person(given = c("Elkhart", "Group"),
family = "Limited",
role = "cph"))
as necessary.
Flavors: r-devel-linux-x86_64-debian-clang, r-devel-linux-x86_64-debian-gcc
These binaries (installable software) and packages are in development.
They may not be fully stable and should be used with caution. We make no claims about them.