Last updated on 2025-10-23 15:50:17 CEST.
| Flavor | Version | Tinstall | Tcheck | Ttotal | Status | Flags |
|---|---|---|---|---|---|---|
| r-devel-linux-x86_64-debian-clang | 0.2.2 | 22.82 | 126.45 | 149.27 | NOTE | |
| r-devel-linux-x86_64-debian-gcc | 0.2.2 | 16.05 | 92.93 | 108.98 | NOTE | |
| r-devel-linux-x86_64-fedora-clang | 0.2.2 | 113.00 | 120.05 | 233.05 | OK | |
| r-devel-linux-x86_64-fedora-gcc | 0.2.2 | 45.00 | 174.32 | 219.32 | OK | |
| r-devel-windows-x86_64 | 0.2.2 | 16.00 | 114.00 | 130.00 | OK | |
| r-patched-linux-x86_64 | 0.2.2 | 22.82 | 120.17 | 142.99 | OK | |
| r-release-linux-x86_64 | 0.2.2 | 21.77 | 121.38 | 143.15 | OK | |
| r-release-macos-arm64 | 0.2.2 | 4.00 | 40.00 | 44.00 | OK | |
| r-release-macos-x86_64 | 0.2.2 | 10.00 | 82.00 | 92.00 | OK | |
| r-release-windows-x86_64 | 0.2.2 | 16.00 | 114.00 | 130.00 | OK | |
| r-oldrel-macos-arm64 | 0.2.2 | 4.00 | 39.00 | 43.00 | OK | |
| r-oldrel-macos-x86_64 | 0.2.2 | 12.00 | 109.00 | 121.00 | OK | |
| r-oldrel-windows-x86_64 | 0.2.2 | 22.00 | 147.00 | 169.00 | OK |
Version: 0.2.2
Check: CRAN incoming feasibility
Result: NOTE
Maintainer: ‘Joshua F. Wiley <josh@elkhartgroup.com>’
No Authors@R field in DESCRIPTION.
Please add one, modifying
Authors@R: c(person(given = c("Joshua", "F."),
family = "Wiley",
role = c("aut", "cre"),
email = "josh@elkhartgroup.com"),
person(given = c("Elkhart", "Group"),
family = "Limited",
role = "cph"))
as necessary.
Flavors: r-devel-linux-x86_64-debian-clang, r-devel-linux-x86_64-debian-gcc
These binaries (installable software) and packages are in development.
They may not be fully stable and should be used with caution. We make no claims about them.