Last updated on 2025-02-16 08:51:05 CET.
Flavor | Version | Tinstall | Tcheck | Ttotal | Status | Flags |
---|---|---|---|---|---|---|
r-devel-linux-x86_64-debian-clang | 0.3-1 | 5.49 | 45.69 | 51.18 | OK | |
r-devel-linux-x86_64-debian-gcc | 0.3-1 | 3.96 | 33.98 | 37.94 | OK | |
r-devel-linux-x86_64-fedora-clang | 0.3-1 | 86.29 | OK | |||
r-devel-linux-x86_64-fedora-gcc | 0.3-1 | 76.04 | OK | |||
r-devel-macos-arm64 | 0.3-1 | 27.00 | OK | |||
r-devel-macos-x86_64 | 0.3-1 | 55.00 | OK | |||
r-devel-windows-x86_64 | 0.3-1 | 7.00 | 73.00 | 80.00 | OK | |
r-patched-linux-x86_64 | 0.3-1 | 5.00 | 42.52 | 47.52 | NOTE | |
r-release-linux-x86_64 | 0.3-1 | 4.80 | 42.45 | 47.25 | NOTE | |
r-release-macos-arm64 | 0.3-1 | 26.00 | NOTE | |||
r-release-macos-x86_64 | 0.3-1 | 38.00 | NOTE | |||
r-release-windows-x86_64 | 0.3-1 | 7.00 | 67.00 | 74.00 | NOTE | |
r-oldrel-macos-arm64 | 0.3-1 | 28.00 | NOTE | |||
r-oldrel-macos-x86_64 | 0.3-1 | 39.00 | NOTE | |||
r-oldrel-windows-x86_64 | 0.3-1 | 8.00 | 73.00 | 81.00 | NOTE |
Version: 0.3-1
Check: LazyData
Result: NOTE
'LazyData' is specified without a 'data' directory
Flavors: r-patched-linux-x86_64, r-release-linux-x86_64, r-release-macos-arm64, r-release-macos-x86_64, r-release-windows-x86_64, r-oldrel-macos-arm64, r-oldrel-macos-x86_64, r-oldrel-windows-x86_64
These binaries (installable software) and packages are in development.
They may not be fully stable and should be used with caution. We make no claims about them.