CRAN Package Check Results for Package varitas

Last updated on 2025-05-08 04:52:22 CEST.

Flavor Version Tinstall Tcheck Ttotal Status Flags
r-devel-linux-x86_64-debian-clang 0.0.2 7.00 53.80 60.80 NOTE
r-devel-linux-x86_64-debian-gcc 0.0.2 4.18 40.43 44.61 NOTE
r-devel-linux-x86_64-fedora-clang 0.0.2 98.01 NOTE
r-devel-linux-x86_64-fedora-gcc 0.0.2 111.23 NOTE
r-devel-windows-x86_64 0.0.2 8.00 83.00 91.00 NOTE
r-patched-linux-x86_64 0.0.2 7.53 51.09 58.62 NOTE
r-release-linux-x86_64 0.0.2 6.06 51.69 57.75 NOTE
r-release-macos-arm64 0.0.2 37.00 NOTE
r-release-macos-x86_64 0.0.2 71.00 NOTE
r-release-windows-x86_64 0.0.2 11.00 84.00 95.00 NOTE
r-oldrel-macos-arm64 0.0.2 35.00 NOTE
r-oldrel-macos-x86_64 0.0.2 55.00 NOTE
r-oldrel-windows-x86_64 0.0.2 12.00 98.00 110.00 NOTE

Check Details

Version: 0.0.2
Check: Rd files
Result: NOTE checkRd: (-1) get.miniseq.sample.files.Rd:15: Lost braces 15 | \item{file.suffix}{Regex expression for end of file name. For example, `file.suffix = '_S\\d{1,2}_.*_R1_.*'` will match R1 files.1 files.} | ^ Flavors: r-devel-linux-x86_64-debian-clang, r-devel-linux-x86_64-debian-gcc, r-devel-linux-x86_64-fedora-clang, r-devel-linux-x86_64-fedora-gcc, r-devel-windows-x86_64, r-patched-linux-x86_64, r-release-linux-x86_64, r-release-macos-arm64, r-release-macos-x86_64, r-release-windows-x86_64, r-oldrel-macos-arm64, r-oldrel-macos-x86_64, r-oldrel-windows-x86_64

These binaries (installable software) and packages are in development.
They may not be fully stable and should be used with caution. We make no claims about them.