Last updated on 2025-10-03 11:51:06 CEST.
Flavor | Version | Tinstall | Tcheck | Ttotal | Status | Flags |
---|---|---|---|---|---|---|
r-devel-linux-x86_64-debian-clang | 0.1.1 | 6.68 | 59.17 | 65.85 | OK | |
r-devel-linux-x86_64-debian-gcc | 0.1.1 | 5.89 | 44.22 | 50.11 | OK | |
r-devel-linux-x86_64-fedora-clang | 0.1.1 | 100.16 | OK | |||
r-devel-linux-x86_64-fedora-gcc | 0.1.1 | 99.53 | OK | |||
r-devel-windows-x86_64 | 0.1.1 | 9.00 | 70.00 | 79.00 | OK | |
r-patched-linux-x86_64 | 0.1.1 | 7.14 | 56.26 | 63.40 | OK | |
r-release-linux-x86_64 | 0.1.1 | 6.15 | 56.16 | 62.31 | OK | |
r-release-macos-arm64 | 0.1.1 | 32.00 | OK | |||
r-release-macos-x86_64 | 0.1.1 | 55.00 | OK | |||
r-release-windows-x86_64 | 0.1.1 | 8.00 | 69.00 | 77.00 | OK | |
r-oldrel-macos-arm64 | 0.1.1 | 31.00 | NOTE | |||
r-oldrel-macos-x86_64 | 0.1.1 | 45.00 | NOTE | |||
r-oldrel-windows-x86_64 | 0.1.1 | 11.00 | 82.00 | 93.00 | NOTE |
Version: 0.1.1
Check: LazyData
Result: NOTE
'LazyData' is specified without a 'data' directory
Flavors: r-oldrel-macos-arm64, r-oldrel-macos-x86_64, r-oldrel-windows-x86_64
These binaries (installable software) and packages are in development.
They may not be fully stable and should be used with caution. We make no claims about them.