CRAN Package Check Results for Package varjmcm

Last updated on 2025-07-26 01:51:08 CEST.

Flavor Version Tinstall Tcheck Ttotal Status Flags
r-devel-linux-x86_64-debian-clang 0.1.1 6.34 58.86 65.20 OK
r-devel-linux-x86_64-debian-gcc 0.1.1 5.42 44.61 50.03 OK
r-devel-linux-x86_64-fedora-clang 0.1.1 114.31 OK
r-devel-linux-x86_64-fedora-gcc 0.1.1 96.46 OK
r-devel-windows-x86_64 0.1.1 8.00 76.00 84.00 OK
r-patched-linux-x86_64 0.1.1 7.07 54.13 61.20 OK
r-release-linux-x86_64 0.1.1 5.92 55.05 60.97 OK
r-release-macos-arm64 0.1.1 32.00 OK
r-release-macos-x86_64 0.1.1 55.00 OK
r-release-windows-x86_64 0.1.1 8.00 80.00 88.00 OK
r-oldrel-macos-arm64 0.1.1 31.00 NOTE
r-oldrel-macos-x86_64 0.1.1 45.00 NOTE
r-oldrel-windows-x86_64 0.1.1 10.00 82.00 92.00 NOTE

Check Details

Version: 0.1.1
Check: LazyData
Result: NOTE 'LazyData' is specified without a 'data' directory Flavors: r-oldrel-macos-arm64, r-oldrel-macos-x86_64, r-oldrel-windows-x86_64

These binaries (installable software) and packages are in development.
They may not be fully stable and should be used with caution. We make no claims about them.