Last updated on 2024-07-27 15:50:37 CEST.
Flavor | Version | Tinstall | Tcheck | Ttotal | Status | Flags |
---|---|---|---|---|---|---|
r-devel-linux-x86_64-debian-clang | 0.5 | 3.23 | 155.00 | 158.23 | OK | |
r-devel-linux-x86_64-debian-gcc | 0.5 | OK | ||||
r-devel-linux-x86_64-fedora-clang | 0.5 | 206.18 | OK | |||
r-devel-linux-x86_64-fedora-gcc | 0.5 | 216.87 | OK | |||
r-devel-windows-x86_64 | 0.5 | 5.00 | 80.00 | 85.00 | OK | |
r-patched-linux-x86_64 | 0.5 | OK | ||||
r-release-linux-x86_64 | 0.5 | 2.73 | 147.66 | 150.39 | OK | |
r-release-macos-arm64 | 0.5 | 38.00 | ERROR | |||
r-release-macos-x86_64 | 0.5 | 70.00 | OK | |||
r-release-windows-x86_64 | 0.5 | 5.00 | 81.00 | 86.00 | OK | |
r-oldrel-macos-arm64 | 0.5 | 51.00 | OK | |||
r-oldrel-macos-x86_64 | 0.5 | 71.00 | OK | |||
r-oldrel-windows-x86_64 | 0.5 | 5.00 | 95.00 | 100.00 | OK |
Version: 0.5
Check: re-building of vignette outputs
Result: ERROR
Error(s) in re-building vignettes:
...
--- re-building ‘varrank.Rmd’ using knitr
Quitting from lines 110-115 [unnamed-chunk-7] (varrank.Rmd)
Error: processing vignette 'varrank.Rmd' failed with diagnostics:
cannot open file '/Volumes/Builds/packages/big-sur-arm64/Rlib/4.4/varSelRF/R/varSelRF.rdb': No such file or directory
--- failed re-building ‘varrank.Rmd’
SUMMARY: processing the following file failed:
‘varrank.Rmd’
Error: Vignette re-building failed.
Execution halted
Flavor: r-release-macos-arm64
These binaries (installable software) and packages are in development.
They may not be fully stable and should be used with caution. We make no claims about them.