Last updated on 2024-07-27 15:50:37 CEST.
Flavor | Version | Tinstall | Tcheck | Ttotal | Status | Flags |
---|---|---|---|---|---|---|
r-devel-linux-x86_64-debian-clang | 1.2 | 4.61 | 38.24 | 42.85 | OK | |
r-devel-linux-x86_64-debian-gcc | 1.2 | OK | ||||
r-devel-linux-x86_64-fedora-clang | 1.2 | 53.87 | NOTE | |||
r-devel-linux-x86_64-fedora-gcc | 1.2 | 50.50 | OK | |||
r-devel-windows-x86_64 | 1.2 | 6.00 | 52.00 | 58.00 | OK | |
r-patched-linux-x86_64 | 1.2 | OK | ||||
r-release-linux-x86_64 | 1.2 | 3.59 | 35.53 | 39.12 | OK | |
r-release-macos-arm64 | 1.2 | 21.00 | OK | |||
r-release-macos-x86_64 | 1.2 | 27.00 | OK | |||
r-release-windows-x86_64 | 1.2 | 5.00 | 52.00 | 57.00 | OK | |
r-oldrel-macos-arm64 | 1.2 | 23.00 | OK | |||
r-oldrel-macos-x86_64 | 1.2 | 41.00 | OK | |||
r-oldrel-windows-x86_64 | 1.2 | 6.00 | 55.00 | 61.00 | OK |
Version: 1.2
Check: Rd cross-references
Result: NOTE
Undeclared packages ‘coin’, ‘outliers’, ‘PMCMRplus’, ‘car’ in Rd xrefs
Flavor: r-devel-linux-x86_64-fedora-clang
These binaries (installable software) and packages are in development.
They may not be fully stable and should be used with caution. We make no claims about them.