Last updated on 2025-07-25 01:49:43 CEST.
Flavor | Version | Tinstall | Tcheck | Ttotal | Status | Flags |
---|---|---|---|---|---|---|
r-devel-linux-x86_64-debian-clang | 1.0.1 | 19.98 | 63.03 | 83.01 | NOTE | |
r-devel-linux-x86_64-debian-gcc | 1.0.1 | 14.97 | 47.51 | 62.48 | NOTE | |
r-devel-linux-x86_64-fedora-clang | 1.0.1 | 153.14 | NOTE | |||
r-devel-linux-x86_64-fedora-gcc | 1.0.1 | 130.97 | NOTE | |||
r-devel-windows-x86_64 | 1.0.1 | 26.00 | 99.00 | 125.00 | NOTE | |
r-patched-linux-x86_64 | 1.0.1 | 21.04 | 59.94 | 80.98 | NOTE | |
r-release-linux-x86_64 | 1.0.1 | 20.25 | 59.94 | 80.19 | NOTE | |
r-release-macos-arm64 | 1.0.1 | 42.00 | NOTE | |||
r-release-macos-x86_64 | 1.0.1 | 78.00 | NOTE | |||
r-release-windows-x86_64 | 1.0.1 | 27.00 | 97.00 | 124.00 | NOTE | |
r-oldrel-macos-arm64 | 1.0.1 | 40.00 | NOTE | |||
r-oldrel-macos-x86_64 | 1.0.1 | 58.00 | NOTE | |||
r-oldrel-windows-x86_64 | 1.0.1 | 30.00 | 110.00 | 140.00 | NOTE |
Version: 1.0.1
Check: package subdirectories
Result: NOTE
Problems with news in ‘NEWS.md’:
No news entries found.
Flavors: r-devel-linux-x86_64-debian-clang, r-devel-linux-x86_64-debian-gcc, r-devel-linux-x86_64-fedora-clang, r-devel-linux-x86_64-fedora-gcc, r-devel-windows-x86_64, r-patched-linux-x86_64, r-release-linux-x86_64, r-release-macos-arm64, r-release-macos-x86_64, r-release-windows-x86_64, r-oldrel-macos-arm64, r-oldrel-macos-x86_64, r-oldrel-windows-x86_64
These binaries (installable software) and packages are in development.
They may not be fully stable and should be used with caution. We make no claims about them.