Last updated on 2025-02-16 08:51:05 CET.
Flavor | Version | Tinstall | Tcheck | Ttotal | Status | Flags |
---|---|---|---|---|---|---|
r-devel-linux-x86_64-debian-clang | 0.0.6 | 3.20 | 49.40 | 52.60 | OK | |
r-devel-linux-x86_64-debian-gcc | 0.0.6 | 2.19 | 33.90 | 36.09 | OK | |
r-devel-linux-x86_64-fedora-clang | 0.0.6 | 86.42 | NOTE | |||
r-devel-linux-x86_64-fedora-gcc | 0.0.6 | 80.47 | NOTE | |||
r-devel-macos-arm64 | 0.0.6 | 28.00 | OK | |||
r-devel-macos-x86_64 | 0.0.6 | 54.00 | OK | |||
r-devel-windows-x86_64 | 0.0.6 | 6.00 | 64.00 | 70.00 | OK | |
r-patched-linux-x86_64 | 0.0.6 | 3.87 | 44.85 | 48.72 | OK | |
r-release-linux-x86_64 | 0.0.6 | 3.29 | 45.61 | 48.90 | OK | |
r-release-macos-arm64 | 0.0.6 | 30.00 | OK | |||
r-release-macos-x86_64 | 0.0.6 | 48.00 | OK | |||
r-release-windows-x86_64 | 0.0.6 | 6.00 | 66.00 | 72.00 | OK | |
r-oldrel-macos-arm64 | 0.0.6 | 31.00 | OK | |||
r-oldrel-macos-x86_64 | 0.0.6 | 57.00 | OK | |||
r-oldrel-windows-x86_64 | 0.0.6 | 6.00 | 70.00 | 76.00 | OK |
Version: 0.0.6
Check: dependencies in R code
Result: NOTE
Namespaces in Imports field not imported from:
‘methods’ ‘survival’
All declared Imports should be used.
Flavors: r-devel-linux-x86_64-fedora-clang, r-devel-linux-x86_64-fedora-gcc
These binaries (installable software) and packages are in development.
They may not be fully stable and should be used with caution. We make no claims about them.