Last updated on 2025-05-01 12:49:44 CEST.
Flavor | Version | Tinstall | Tcheck | Ttotal | Status | Flags |
---|---|---|---|---|---|---|
r-devel-linux-x86_64-debian-clang | 1.4-13 | 11.34 | 172.07 | 183.41 | NOTE | |
r-devel-linux-x86_64-debian-gcc | 1.4-13 | 7.46 | 114.12 | 121.58 | OK | |
r-devel-linux-x86_64-fedora-clang | 1.4-13 | 281.30 | OK | |||
r-devel-linux-x86_64-fedora-gcc | 1.4-13 | 284.07 | OK | |||
r-devel-windows-x86_64 | 1.4-13 | 12.00 | 225.00 | 237.00 | OK | |
r-patched-linux-x86_64 | 1.4-13 | 13.63 | 160.78 | 174.41 | OK | |
r-release-linux-x86_64 | OK | |||||
r-release-macos-arm64 | 1.4-13 | 85.00 | OK | |||
r-release-macos-x86_64 | 1.4-13 | 184.00 | OK | |||
r-release-windows-x86_64 | 1.4-13 | 12.00 | 231.00 | 243.00 | OK | |
r-oldrel-macos-arm64 | 1.4-13 | 89.00 | OK | |||
r-oldrel-macos-x86_64 | 1.4-13 | 237.00 | OK | |||
r-oldrel-windows-x86_64 | 1.4-13 | 16.00 | 270.00 | 286.00 | OK |
Version: 1.4-13
Check: examples
Result: NOTE
Examples with CPU (user + system) or elapsed time > 5s
user system elapsed
pairs.table 5.18 0.003 7.225
Flavor: r-devel-linux-x86_64-debian-clang
These binaries (installable software) and packages are in development.
They may not be fully stable and should be used with caution. We make no claims about them.