Last updated on 2025-07-26 07:50:37 CEST.
Flavor | Version | Tinstall | Tcheck | Ttotal | Status | Flags |
---|---|---|---|---|---|---|
r-devel-linux-x86_64-debian-clang | 0.8-5 | 12.63 | 196.87 | 209.50 | NOTE | |
r-devel-linux-x86_64-debian-gcc | 0.8-6 | 7.52 | 144.88 | 152.40 | OK | |
r-devel-linux-x86_64-fedora-clang | 0.8-6 | 321.00 | OK | |||
r-devel-linux-x86_64-fedora-gcc | 0.8-6 | 337.35 | OK | |||
r-devel-windows-x86_64 | 0.8-5 | 16.00 | 211.00 | 227.00 | NOTE | |
r-patched-linux-x86_64 | 0.8-5 | 13.41 | 187.52 | 200.93 | NOTE | |
r-release-linux-x86_64 | 0.8-5 | 11.55 | 186.59 | 198.14 | NOTE | |
r-release-macos-arm64 | 0.8-5 | 96.00 | NOTE | |||
r-release-macos-x86_64 | 0.8-6 | 207.00 | OK | |||
r-release-windows-x86_64 | 0.8-6 | 15.00 | 205.00 | 220.00 | OK | |
r-oldrel-macos-arm64 | 0.8-5 | 106.00 | NOTE | |||
r-oldrel-macos-x86_64 | 0.8-6 | 219.00 | OK | |||
r-oldrel-windows-x86_64 | 0.8-6 | 20.00 | 216.00 | 236.00 | OK |
Version: 0.8-5
Check: CRAN incoming feasibility
Result: NOTE
Maintainer: ‘Michael Friendly <friendly@yorku.ca>’
The BugReports field in DESCRIPTION has
https://github.com/friendly/vcdExtra
which should likely be
https://github.com/friendly/vcdExtra/issues
instead.
Flavor: r-devel-linux-x86_64-debian-clang
Version: 0.8-5
Check: Rd files
Result: NOTE
checkRd: (-1) datasets.Rd:15: Lost braces
15 | and dimension information (\code{dim} or code{length}) of each item,
| ^
Flavors: r-devel-linux-x86_64-debian-clang, r-devel-windows-x86_64, r-patched-linux-x86_64, r-release-linux-x86_64, r-release-macos-arm64, r-oldrel-macos-arm64
Version: 0.8-5
Check: Rd cross-references
Result: NOTE
Found the following Rd file(s) with Rd \link{} targets missing package
anchors:
mcaplot.Rd: multilines
Please provide package anchors for all Rd \link{} targets not in the
package itself and the base packages.
Flavors: r-devel-linux-x86_64-debian-clang, r-devel-windows-x86_64, r-patched-linux-x86_64, r-release-linux-x86_64
These binaries (installable software) and packages are in development.
They may not be fully stable and should be used with caution. We make no claims about them.