Last updated on 2025-02-23 03:50:57 CET.
Flavor | Version | Tinstall | Tcheck | Ttotal | Status | Flags |
---|---|---|---|---|---|---|
r-devel-linux-x86_64-debian-clang | 0.8-5 | 12.47 | 192.98 | 205.45 | NOTE | |
r-devel-linux-x86_64-debian-gcc | 0.8-5 | 8.64 | 138.35 | 146.99 | NOTE | |
r-devel-linux-x86_64-fedora-clang | 0.8-5 | 343.59 | NOTE | |||
r-devel-linux-x86_64-fedora-gcc | 0.8-5 | 317.67 | NOTE | |||
r-devel-macos-arm64 | 0.8-5 | 111.00 | NOTE | |||
r-devel-macos-x86_64 | 0.8-5 | 206.00 | NOTE | |||
r-devel-windows-x86_64 | 0.8-5 | 16.00 | 209.00 | 225.00 | NOTE | |
r-patched-linux-x86_64 | 0.8-5 | 19.33 | 179.76 | 199.09 | NOTE | |
r-release-linux-x86_64 | 0.8-5 | 12.14 | 180.08 | 192.22 | NOTE | |
r-release-macos-arm64 | 0.8-5 | 106.00 | NOTE | |||
r-release-macos-x86_64 | 0.8-5 | 146.00 | NOTE | |||
r-release-windows-x86_64 | 0.8-5 | 15.00 | 202.00 | 217.00 | NOTE | |
r-oldrel-macos-arm64 | 0.8-5 | 91.00 | OK | |||
r-oldrel-macos-x86_64 | 0.8-5 | 178.00 | OK | |||
r-oldrel-windows-x86_64 | 0.8-5 | 20.00 | 263.00 | 283.00 | OK |
Version: 0.8-5
Check: Rd files
Result: NOTE
checkRd: (-1) datasets.Rd:15: Lost braces
15 | and dimension information (\code{dim} or code{length}) of each item,
| ^
Flavors: r-devel-linux-x86_64-debian-clang, r-devel-linux-x86_64-debian-gcc, r-devel-linux-x86_64-fedora-clang, r-devel-linux-x86_64-fedora-gcc, r-devel-macos-arm64, r-devel-macos-x86_64, r-devel-windows-x86_64, r-patched-linux-x86_64, r-release-linux-x86_64, r-release-macos-arm64, r-release-macos-x86_64, r-release-windows-x86_64
Version: 0.8-5
Check: Rd cross-references
Result: NOTE
Found the following Rd file(s) with Rd \link{} targets missing package
anchors:
mcaplot.Rd: multilines
Please provide package anchors for all Rd \link{} targets not in the
package itself and the base packages.
Flavors: r-devel-linux-x86_64-debian-clang, r-devel-linux-x86_64-debian-gcc, r-devel-windows-x86_64
These binaries (installable software) and packages are in development.
They may not be fully stable and should be used with caution. We make no claims about them.