Last updated on 2025-05-01 08:52:49 CEST.
Flavor | Version | Tinstall | Tcheck | Ttotal | Status | Flags |
---|---|---|---|---|---|---|
r-devel-linux-x86_64-debian-clang | 1.15.0 | 86.27 | 192.14 | 278.41 | OK | |
r-devel-linux-x86_64-debian-gcc | 1.15.0 | 63.79 | 144.79 | 208.58 | OK | |
r-devel-linux-x86_64-fedora-clang | 1.15.0 | 467.03 | OK | |||
r-devel-linux-x86_64-fedora-gcc | 1.15.0 | 470.22 | OK | |||
r-devel-windows-x86_64 | 1.15.0 | 103.00 | 245.00 | 348.00 | OK | |
r-patched-linux-x86_64 | 1.15.0 | 92.09 | 183.16 | 275.25 | OK | |
r-release-linux-x86_64 | OK | |||||
r-release-macos-arm64 | 1.15.0 | 163.00 | OK | |||
r-release-macos-x86_64 | 1.15.0 | 217.00 | OK | |||
r-release-windows-x86_64 | 1.15.0 | 104.00 | 258.00 | 362.00 | OK | |
r-oldrel-macos-arm64 | 1.15.0 | 126.00 | NOTE | |||
r-oldrel-macos-x86_64 | 1.15.0 | 210.00 | NOTE | |||
r-oldrel-windows-x86_64 | 1.15.0 | 115.00 | 308.00 | 423.00 | OK |
Version: 1.15.0
Check: installed package size
Result: NOTE
installed size is 6.6Mb
sub-directories of 1Mb or more:
libs 4.6Mb
Flavors: r-oldrel-macos-arm64, r-oldrel-macos-x86_64
These binaries (installable software) and packages are in development.
They may not be fully stable and should be used with caution. We make no claims about them.