Last updated on 2025-05-08 04:52:22 CEST.
Flavor | Version | Tinstall | Tcheck | Ttotal | Status | Flags |
---|---|---|---|---|---|---|
r-devel-linux-x86_64-debian-clang | 0.0.1 | 1.59 | 16.37 | 17.96 | NOTE | |
r-devel-linux-x86_64-debian-gcc | 0.0.1 | 1.33 | 13.63 | 14.96 | NOTE | |
r-devel-linux-x86_64-fedora-clang | 0.0.1 | 28.38 | OK | |||
r-devel-linux-x86_64-fedora-gcc | 0.0.1 | 27.25 | OK | |||
r-devel-windows-x86_64 | 0.0.1 | 2.00 | 34.00 | 36.00 | OK | |
r-patched-linux-x86_64 | 0.0.1 | 1.49 | 15.73 | 17.22 | OK | |
r-release-linux-x86_64 | 0.0.1 | 1.64 | 15.93 | 17.57 | OK | |
r-release-macos-arm64 | 0.0.1 | 16.00 | OK | |||
r-release-macos-x86_64 | 0.0.1 | 26.00 | OK | |||
r-release-windows-x86_64 | 0.0.1 | 2.00 | 36.00 | 38.00 | OK | |
r-oldrel-macos-arm64 | 0.0.1 | 16.00 | OK | |||
r-oldrel-macos-x86_64 | 0.0.1 | 26.00 | OK | |||
r-oldrel-windows-x86_64 | 0.0.1 | 2.00 | 34.00 | 36.00 | OK |
Version: 0.0.1
Check: CRAN incoming feasibility
Result: NOTE
Maintainer: ‘Michael Chirico <MichaelChirico4@gmail.com>’
No Authors@R field in DESCRIPTION.
Please add one, modifying
Authors@R: person(given = "Michael",
family = "Chirico",
role = c("aut", "cre"),
email = "michaelchirico4@gmail.com")
as necessary.
Flavors: r-devel-linux-x86_64-debian-clang, r-devel-linux-x86_64-debian-gcc
These binaries (installable software) and packages are in development.
They may not be fully stable and should be used with caution. We make no claims about them.