Last updated on 2025-02-16 08:51:05 CET.
Flavor | Version | Tinstall | Tcheck | Ttotal | Status | Flags |
---|---|---|---|---|---|---|
r-devel-linux-x86_64-debian-clang | 0.6.5 | 39.42 | 214.28 | 253.70 | NOTE | |
r-devel-linux-x86_64-debian-gcc | 0.6.5 | 31.00 | 145.28 | 176.28 | NOTE | |
r-devel-linux-x86_64-fedora-clang | 0.6.5 | 403.22 | NOTE | |||
r-devel-linux-x86_64-fedora-gcc | 0.6.5 | 398.76 | NOTE | |||
r-devel-macos-arm64 | 0.6.5 | 119.00 | NOTE | |||
r-devel-macos-x86_64 | 0.6.5 | 274.00 | NOTE | |||
r-devel-windows-x86_64 | 0.6.5 | 72.00 | 228.00 | 300.00 | NOTE | |
r-patched-linux-x86_64 | 0.6.5 | 40.22 | 201.95 | 242.17 | OK | |
r-release-linux-x86_64 | 0.6.5 | 37.46 | 200.62 | 238.08 | OK | |
r-release-macos-arm64 | 0.6.5 | 115.00 | OK | |||
r-release-macos-x86_64 | 0.6.5 | 178.00 | OK | |||
r-release-windows-x86_64 | 0.6.5 | 74.00 | 230.00 | 304.00 | OK | |
r-oldrel-macos-arm64 | 0.6.5 | 119.00 | OK | |||
r-oldrel-macos-x86_64 | 0.6.5 | 269.00 | OK | |||
r-oldrel-windows-x86_64 | 0.6.5 | 2.00 | 8.00 | 10.00 | ERROR |
Version: 0.6.5
Check: compiled code
Result: NOTE
File ‘vctrs/libs/vctrs.so’:
Found non-API calls to R: ‘FRAME’, ‘HASHTAB’, ‘LEVELS’, ‘PRENV’,
‘PRVALUE’, ‘R_PromiseExpr’, ‘Rf_findVarInFrame3’, ‘SETLENGTH’,
‘SET_BODY’, ‘SET_CLOENV’, ‘SET_ENCLOS’, ‘SET_FORMALS’,
‘SET_GROWABLE_BIT’, ‘SET_S4_OBJECT’, ‘SET_TRUELENGTH’,
‘STDVEC_DATAPTR’, ‘STRING_PTR’, ‘TRUELENGTH’, ‘UNSET_S4_OBJECT’
Compiled code should not call non-API entry points in R.
See ‘Writing portable packages’ in the ‘Writing R Extensions’ manual,
and section ‘Moving into C API compliance’ for issues with the use of
non-API entry points.
Flavors: r-devel-linux-x86_64-debian-clang, r-devel-linux-x86_64-debian-gcc, r-devel-linux-x86_64-fedora-clang, r-devel-linux-x86_64-fedora-gcc, r-devel-macos-arm64, r-devel-macos-x86_64
Version: 0.6.5
Check: compiled code
Result: NOTE
File 'vctrs/libs/x64/vctrs.dll':
Found non-API calls to R: 'FRAME', 'HASHTAB', 'LEVELS', 'PRENV',
'PRVALUE', 'R_PromiseExpr', 'Rf_findVarInFrame3', 'SETLENGTH',
'SET_BODY', 'SET_CLOENV', 'SET_ENCLOS', 'SET_FORMALS',
'SET_GROWABLE_BIT', 'SET_S4_OBJECT', 'SET_TRUELENGTH',
'STDVEC_DATAPTR', 'STRING_PTR', 'TRUELENGTH', 'UNSET_S4_OBJECT'
Compiled code should not call non-API entry points in R.
See 'Writing portable packages' in the 'Writing R Extensions' manual,
and section 'Moving into C API compliance' for issues with the use of
non-API entry points.
Flavor: r-devel-windows-x86_64
Version: 0.6.5
Check: whether package can be installed
Result: ERROR
Installation failed.
Flavor: r-oldrel-windows-x86_64
These binaries (installable software) and packages are in development.
They may not be fully stable and should be used with caution. We make no claims about them.