CRAN Package Check Results for Package vdar

Last updated on 2025-10-23 21:51:47 CEST.

Flavor Version Tinstall Tcheck Ttotal Status Flags
r-devel-linux-x86_64-debian-clang 0.1.3-2 1.85 27.77 29.62 NOTE
r-devel-linux-x86_64-debian-gcc 0.1.3-2 1.59 20.85 22.44 NOTE
r-devel-linux-x86_64-fedora-clang 0.1.3-2 14.00 36.27 50.27 OK
r-devel-linux-x86_64-fedora-gcc 0.1.3-2 45.93 OK
r-devel-windows-x86_64 0.1.3-2 4.00 46.00 50.00 OK
r-patched-linux-x86_64 0.1.3-2 2.56 26.25 28.81 OK
r-release-linux-x86_64 0.1.3-2 2.10 26.43 28.53 OK
r-release-macos-arm64 0.1.3-2 1.00 19.00 20.00 OK
r-release-macos-x86_64 0.1.3-2 2.00 30.00 32.00 OK
r-release-windows-x86_64 0.1.3-2 4.00 48.00 52.00 OK
r-oldrel-macos-arm64 0.1.3-2 1.00 16.00 17.00 OK
r-oldrel-macos-x86_64 0.1.3-2 2.00 23.00 25.00 OK
r-oldrel-windows-x86_64 0.1.3-2 5.00 54.00 59.00 OK

Check Details

Version: 0.1.3-2
Check: CRAN incoming feasibility
Result: NOTE Maintainer: ‘Solveig Pospiech <s.pospiech@hzdr.de>’ No Authors@R field in DESCRIPTION. Please add one, modifying Authors@R: person(given = "Solveig", family = "Pospiech", role = c("aut", "cre"), email = "s.pospiech@hzdr.de") as necessary. Flavors: r-devel-linux-x86_64-debian-clang, r-devel-linux-x86_64-debian-gcc

These binaries (installable software) and packages are in development.
They may not be fully stable and should be used with caution. We make no claims about them.