CRAN Package Check Results for Package vdar

Last updated on 2025-07-22 13:49:27 CEST.

Flavor Version Tinstall Tcheck Ttotal Status Flags
r-devel-linux-x86_64-debian-clang 0.1.3-2 2.47 26.40 28.87 NOTE
r-devel-linux-x86_64-debian-gcc 0.1.3-2 1.75 20.06 21.81 NOTE
r-devel-linux-x86_64-fedora-clang 0.1.3-2 45.48 OK
r-devel-linux-x86_64-fedora-gcc 0.1.3-2 43.10 OK
r-devel-windows-x86_64 0.1.3-2 4.00 44.00 48.00 OK
r-patched-linux-x86_64 0.1.3-2 2.60 24.33 26.93 OK
r-release-linux-x86_64 0.1.3-2 2.28 24.36 26.64 OK
r-release-macos-arm64 0.1.3-2 20.00 OK
r-release-macos-x86_64 0.1.3-2 32.00 OK
r-release-windows-x86_64 0.1.3-2 4.00 46.00 50.00 OK
r-oldrel-macos-arm64 0.1.3-2 17.00 OK
r-oldrel-macos-x86_64 0.1.3-2 25.00 OK
r-oldrel-windows-x86_64 0.1.3-2 5.00 53.00 58.00 OK

Check Details

Version: 0.1.3-2
Check: CRAN incoming feasibility
Result: NOTE Maintainer: ‘Solveig Pospiech <s.pospiech@hzdr.de>’ No Authors@R field in DESCRIPTION. Please add one, modifying Authors@R: person(given = "Solveig", family = "Pospiech", role = c("aut", "cre"), email = "s.pospiech@hzdr.de") as necessary. Flavors: r-devel-linux-x86_64-debian-clang, r-devel-linux-x86_64-debian-gcc

These binaries (installable software) and packages are in development.
They may not be fully stable and should be used with caution. We make no claims about them.