Last updated on 2025-06-28 09:49:48 CEST.
Flavor | Version | Tinstall | Tcheck | Ttotal | Status | Flags |
---|---|---|---|---|---|---|
r-devel-linux-x86_64-debian-clang | 1.0.8 | 16.45 | 32.24 | 48.69 | NOTE | |
r-devel-linux-x86_64-debian-gcc | 1.0.8 | 9.82 | 24.95 | 34.77 | NOTE | |
r-devel-linux-x86_64-fedora-clang | 1.0.8 | 123.70 | NOTE | |||
r-devel-linux-x86_64-fedora-gcc | 1.0.8 | 73.96 | NOTE | |||
r-devel-windows-x86_64 | 1.0.8 | 20.00 | 72.00 | 92.00 | OK | |
r-patched-linux-x86_64 | NOTE | |||||
r-release-linux-x86_64 | 1.0.8 | 13.32 | 28.41 | 41.73 | NOTE | |
r-release-macos-arm64 | 1.0.8 | 58.00 | NOTE | |||
r-release-macos-x86_64 | 1.0.8 | 105.00 | NOTE | |||
r-release-windows-x86_64 | 1.0.8 | 20.00 | 72.00 | 92.00 | OK | |
r-oldrel-macos-arm64 | 1.0.8 | 51.00 | NOTE | |||
r-oldrel-macos-x86_64 | 1.0.8 | 90.00 | NOTE | |||
r-oldrel-windows-x86_64 | 1.0.8 | 88.00 | 84.00 | 172.00 | OK |
Version: 1.0.8
Check: C++ specification
Result: NOTE
Specified C++11: please drop specification unless essential
Flavors: r-devel-linux-x86_64-debian-clang, r-devel-linux-x86_64-debian-gcc, r-devel-linux-x86_64-fedora-clang, r-devel-linux-x86_64-fedora-gcc, r-patched-linux-x86_64, r-release-linux-x86_64, r-release-macos-arm64, r-release-macos-x86_64, r-oldrel-macos-arm64, r-oldrel-macos-x86_64
These binaries (installable software) and packages are in development.
They may not be fully stable and should be used with caution. We make no claims about them.