Last updated on 2025-02-23 07:52:13 CET.
Flavor | Version | Tinstall | Tcheck | Ttotal | Status | Flags |
---|---|---|---|---|---|---|
r-devel-linux-x86_64-debian-clang | 1.0.8 | 14.99 | 29.36 | 44.35 | NOTE | |
r-devel-linux-x86_64-debian-gcc | 1.0.8 | 9.59 | 22.47 | 32.06 | NOTE | |
r-devel-linux-x86_64-fedora-clang | 1.0.8 | 129.08 | WARN | |||
r-devel-linux-x86_64-fedora-gcc | 1.0.8 | 68.94 | NOTE | |||
r-devel-macos-arm64 | 1.0.8 | 50.00 | NOTE | |||
r-devel-macos-x86_64 | 1.0.8 | 100.00 | NOTE | |||
r-devel-windows-x86_64 | 1.0.8 | 66.00 | 70.00 | 136.00 | OK | |
r-patched-linux-x86_64 | 1.0.8 | 12.48 | 27.97 | 40.45 | NOTE | |
r-release-linux-x86_64 | 1.0.8 | 12.83 | 27.77 | 40.60 | NOTE | |
r-release-macos-arm64 | 1.0.8 | 51.00 | NOTE | |||
r-release-macos-x86_64 | 1.0.8 | 90.00 | NOTE | |||
r-release-windows-x86_64 | 1.0.8 | 66.00 | 70.00 | 136.00 | OK | |
r-oldrel-macos-arm64 | 1.0.8 | 56.00 | NOTE | |||
r-oldrel-macos-x86_64 | 1.0.8 | 90.00 | NOTE | |||
r-oldrel-windows-x86_64 | 1.0.8 | 84.00 | 80.00 | 164.00 | OK |
Version: 1.0.8
Check: C++ specification
Result: NOTE
Specified C++11: please drop specification unless essential
Flavors: r-devel-linux-x86_64-debian-clang, r-devel-linux-x86_64-debian-gcc, r-devel-linux-x86_64-fedora-clang, r-devel-linux-x86_64-fedora-gcc, r-devel-macos-arm64, r-devel-macos-x86_64, r-patched-linux-x86_64, r-release-linux-x86_64, r-release-macos-arm64, r-release-macos-x86_64, r-oldrel-macos-arm64, r-oldrel-macos-x86_64
Version: 1.0.8
Check: whether package can be installed
Result: WARN
Found the following significant warnings:
/data/gannet/ripley/R/test-clang/cpp11/include/cpp11/R.hpp:52:31: warning: identifier '_xl' preceded by whitespace in a literal operator declaration is deprecated [-Wdeprecated-literal-operator]
/data/gannet/ripley/R/test-clang/cpp11/include/cpp11/named_arg.hpp:42:29: warning: identifier '_nm' preceded by whitespace in a literal operator declaration is deprecated [-Wdeprecated-literal-operator]
See ‘/data/gannet/ripley/R/packages/tests-clang/vdiffr.Rcheck/00install.out’ for details.
* used C++ compiler: ‘clang version 20.1.0-rc2’
Flavor: r-devel-linux-x86_64-fedora-clang
These binaries (installable software) and packages are in development.
They may not be fully stable and should be used with caution. We make no claims about them.