Last updated on 2025-05-29 01:49:49 CEST.
Flavor | Version | Tinstall | Tcheck | Ttotal | Status | Flags |
---|---|---|---|---|---|---|
r-devel-linux-x86_64-debian-clang | 1.1.3 | 3.70 | 30.33 | 34.03 | NOTE | |
r-devel-linux-x86_64-debian-gcc | 1.1.3 | 2.61 | 24.27 | 26.88 | NOTE | |
r-devel-linux-x86_64-fedora-clang | 1.1.3 | 52.26 | OK | |||
r-devel-linux-x86_64-fedora-gcc | 1.1.3 | 48.27 | OK | |||
r-devel-windows-x86_64 | 1.1.3 | 4.00 | 50.00 | 54.00 | NOTE | |
r-patched-linux-x86_64 | 1.1.3 | 3.89 | 27.95 | 31.84 | NOTE | |
r-release-linux-x86_64 | 1.1.3 | 3.23 | 27.87 | 31.10 | NOTE | |
r-release-macos-arm64 | 1.1.3 | 21.00 | OK | |||
r-release-macos-x86_64 | 1.1.3 | 42.00 | OK | |||
r-release-windows-x86_64 | 1.1.3 | 5.00 | 49.00 | 54.00 | NOTE | |
r-oldrel-macos-arm64 | 1.1.3 | 19.00 | OK | |||
r-oldrel-macos-x86_64 | 1.1.3 | 28.00 | OK | |||
r-oldrel-windows-x86_64 | 1.1.3 | 7.00 | 63.00 | 70.00 | OK |
Version: 1.1.3
Check: CRAN incoming feasibility
Result: NOTE
Maintainer: ‘German Carrillo <geotux_tuxman@linuxmail.org>’
No Authors@R field in DESCRIPTION.
Please add one, modifying
Authors@R: person(given = "German",
family = "Carrillo",
role = c("aut", "cre"),
email = "geotux_tuxman@linuxmail.org")
as necessary.
Flavors: r-devel-linux-x86_64-debian-clang, r-devel-linux-x86_64-debian-gcc
Version: 1.1.3
Check: Rd cross-references
Result: NOTE
Found the following Rd file(s) with Rd \link{} targets missing package
anchors:
applyTransformation.Rd: sp
Please provide package anchors for all Rd \link{} targets not in the
package itself and the base packages.
Flavors: r-devel-linux-x86_64-debian-clang, r-devel-linux-x86_64-debian-gcc, r-devel-windows-x86_64, r-patched-linux-x86_64, r-release-linux-x86_64, r-release-windows-x86_64
These binaries (installable software) and packages are in development.
They may not be fully stable and should be used with caution. We make no claims about them.