CRAN Package Check Results for Package veccompare

Last updated on 2025-07-02 03:50:56 CEST.

Flavor Version Tinstall Tcheck Ttotal Status Flags
r-devel-linux-x86_64-debian-clang 0.1.0 2.49 29.70 32.19 OK
r-devel-linux-x86_64-debian-gcc 0.1.0 1.39 23.40 24.79 OK
r-devel-linux-x86_64-fedora-clang 0.1.0 50.31 NOTE
r-devel-linux-x86_64-fedora-gcc 0.1.0 50.09 NOTE
r-devel-windows-x86_64 0.1.0 5.00 50.00 55.00 OK
r-patched-linux-x86_64 OK
r-release-linux-x86_64 0.1.0 2.37 27.41 29.78 OK
r-release-macos-arm64 0.1.0 22.00 OK
r-release-macos-x86_64 0.1.0 32.00 OK
r-release-windows-x86_64 0.1.0 4.00 53.00 57.00 OK
r-oldrel-macos-arm64 0.1.0 20.00 OK
r-oldrel-macos-x86_64 0.1.0 32.00 OK
r-oldrel-windows-x86_64 0.1.0 5.00 57.00 62.00 OK

Check Details

Version: 0.1.0
Check: dependencies in R code
Result: NOTE Namespace in Imports field not imported from: ‘pander’ All declared Imports should be used. Flavors: r-devel-linux-x86_64-fedora-clang, r-devel-linux-x86_64-fedora-gcc

These binaries (installable software) and packages are in development.
They may not be fully stable and should be used with caution. We make no claims about them.