CRAN Package Check Results for Package veccompare

Last updated on 2025-05-08 04:52:22 CEST.

Flavor Version Tinstall Tcheck Ttotal Status Flags
r-devel-linux-x86_64-debian-clang 0.1.0 2.37 28.96 31.33 OK
r-devel-linux-x86_64-debian-gcc 0.1.0 1.99 22.93 24.92 OK
r-devel-linux-x86_64-fedora-clang 0.1.0 49.97 NOTE
r-devel-linux-x86_64-fedora-gcc 0.1.0 45.90 NOTE
r-devel-windows-x86_64 0.1.0 4.00 50.00 54.00 OK
r-patched-linux-x86_64 0.1.0 2.83 27.49 30.32 OK
r-release-linux-x86_64 0.1.0 1.90 27.43 29.33 OK
r-release-macos-arm64 0.1.0 22.00 OK
r-release-macos-x86_64 0.1.0 32.00 OK
r-release-windows-x86_64 0.1.0 4.00 52.00 56.00 OK
r-oldrel-macos-arm64 0.1.0 20.00 OK
r-oldrel-macos-x86_64 0.1.0 32.00 OK
r-oldrel-windows-x86_64 0.1.0 5.00 57.00 62.00 OK

Check Details

Version: 0.1.0
Check: dependencies in R code
Result: NOTE Namespace in Imports field not imported from: ‘pander’ All declared Imports should be used. Flavors: r-devel-linux-x86_64-fedora-clang, r-devel-linux-x86_64-fedora-gcc

These binaries (installable software) and packages are in development.
They may not be fully stable and should be used with caution. We make no claims about them.