Last updated on 2025-05-01 08:52:49 CEST.
Flavor | Version | Tinstall | Tcheck | Ttotal | Status | Flags |
---|---|---|---|---|---|---|
r-devel-linux-x86_64-debian-clang | 1.1.0 | 8.89 | 118.68 | 127.57 | NOTE | |
r-devel-linux-x86_64-debian-gcc | 1.1.0 | 6.55 | 81.88 | 88.43 | OK | |
r-devel-linux-x86_64-fedora-clang | 1.1.0 | 207.45 | OK | |||
r-devel-linux-x86_64-fedora-gcc | 1.1.0 | 221.33 | OK | |||
r-devel-windows-x86_64 | 1.1.0 | 10.00 | 120.00 | 130.00 | OK | |
r-patched-linux-x86_64 | 1.1.0 | 8.88 | 109.91 | 118.79 | OK | |
r-release-linux-x86_64 | OK | |||||
r-release-macos-arm64 | 1.1.0 | 53.00 | OK | |||
r-release-macos-x86_64 | 1.1.0 | 113.00 | OK | |||
r-release-windows-x86_64 | 1.1.0 | 11.00 | 122.00 | 133.00 | OK | |
r-oldrel-macos-arm64 | 1.1.0 | 61.00 | OK | |||
r-oldrel-macos-x86_64 | 1.1.0 | 104.00 | OK | |||
r-oldrel-windows-x86_64 | 1.1.0 | 14.00 | 149.00 | 163.00 | OK |
Version: 1.1.0
Check: examples
Result: NOTE
Examples with CPU (user + system) or elapsed time > 5s
user system elapsed
estimate_gps 6.793 0.392 8.865
Flavor: r-devel-linux-x86_64-debian-clang
Version: 1.1.0
Check: examples
Result: NA
user system elapsed
estimate_gps 5.208 0.393 6.365
OK
Flavor: r-devel-linux-x86_64-debian-gcc
These binaries (installable software) and packages are in development.
They may not be fully stable and should be used with caution. We make no claims about them.