CRAN Package Check Results for Package vegalite

Last updated on 2025-11-13 01:50:38 CET.

Flavor Version Tinstall Tcheck Ttotal Status Flags
r-devel-linux-x86_64-debian-clang 0.6.1 4.53 54.47 59.00 NOTE
r-devel-linux-x86_64-debian-gcc 0.6.1 3.45 40.72 44.17 NOTE
r-devel-linux-x86_64-fedora-clang 0.6.1 10.00 76.85 86.85 OK
r-devel-linux-x86_64-fedora-gcc 0.6.1 96.00 OK
r-devel-windows-x86_64 0.6.1 10.00 79.00 89.00 OK
r-patched-linux-x86_64 0.6.1 6.53 50.43 56.96 OK
r-release-linux-x86_64 0.6.1 5.04 50.17 55.21 OK
r-release-macos-arm64 0.6.1 2.00 36.00 38.00 OK
r-release-macos-x86_64 0.6.1 5.00 67.00 72.00 OK
r-release-windows-x86_64 0.6.1 10.00 80.00 90.00 OK
r-oldrel-macos-arm64 0.6.1 3.00 33.00 36.00 OK
r-oldrel-macos-x86_64 0.6.1 4.00 54.00 58.00 OK
r-oldrel-windows-x86_64 0.6.1 11.00 95.00 106.00 OK

Check Details

Version: 0.6.1
Check: CRAN incoming feasibility
Result: NOTE Maintainer: ‘Bob Rudis <bob@rudis.net>’ Found the following (possibly) invalid file URI: URI: CONDUCT.md From: README.md Flavors: r-devel-linux-x86_64-debian-clang, r-devel-linux-x86_64-debian-gcc

These binaries (installable software) and packages are in development.
They may not be fully stable and should be used with caution. We make no claims about them.