Last updated on 2025-05-01 14:49:26 CEST.
Flavor | Version | Tinstall | Tcheck | Ttotal | Status | Flags |
---|---|---|---|---|---|---|
r-devel-linux-x86_64-debian-clang | 0.9.12 | 8.17 | 93.89 | 102.06 | NOTE | |
r-devel-linux-x86_64-debian-gcc | 0.9.12 | 5.13 | 72.14 | 77.27 | NOTE | |
r-devel-linux-x86_64-fedora-clang | 0.9.12 | 159.46 | OK | |||
r-devel-linux-x86_64-fedora-gcc | 0.9.12 | 168.00 | OK | |||
r-devel-windows-x86_64 | 0.9.12 | 9.00 | 141.00 | 150.00 | OK | |
r-patched-linux-x86_64 | 0.9.12 | 8.28 | 91.50 | 99.78 | OK | |
r-release-linux-x86_64 | OK | |||||
r-release-macos-arm64 | 0.9.12 | 71.00 | OK | |||
r-release-macos-x86_64 | 0.9.12 | 129.00 | OK | |||
r-release-windows-x86_64 | 0.9.12 | 8.00 | 145.00 | 153.00 | OK | |
r-oldrel-macos-arm64 | 0.9.12 | 71.00 | OK | |||
r-oldrel-macos-x86_64 | 0.9.12 | 161.00 | OK | |||
r-oldrel-windows-x86_64 | 0.9.12 | 13.00 | 153.00 | 166.00 | OK |
Version: 0.9.12
Check: CRAN incoming feasibility
Result: NOTE
Maintainer: ‘Florian Jansen <florian.jansen@uni-rostock.de>’
No Authors@R field in DESCRIPTION.
Please add one, modifying
Authors@R: person(given = "Florian",
family = "Jansen",
role = c("aut", "cre"),
email = "florian.jansen@uni-rostock.de")
as necessary.
Flavors: r-devel-linux-x86_64-debian-clang, r-devel-linux-x86_64-debian-gcc
These binaries (installable software) and packages are in development.
They may not be fully stable and should be used with caution. We make no claims about them.