Last updated on 2024-07-27 15:50:37 CEST.
Flavor | Version | Tinstall | Tcheck | Ttotal | Status | Flags |
---|---|---|---|---|---|---|
r-devel-linux-x86_64-debian-clang | 0.9.12 | 10.09 | 119.96 | 130.05 | OK | |
r-devel-linux-x86_64-debian-gcc | 0.9.12 | OK | ||||
r-devel-linux-x86_64-fedora-clang | 0.9.12 | 160.28 | OK | |||
r-devel-linux-x86_64-fedora-gcc | 0.9.12 | 165.94 | OK | |||
r-devel-windows-x86_64 | 0.9.12 | 9.00 | 135.00 | 144.00 | OK | |
r-patched-linux-x86_64 | 0.9.12 | OK | ||||
r-release-linux-x86_64 | 0.9.12 | 6.10 | 116.74 | 122.84 | OK | |
r-release-macos-arm64 | 0.9.12 | 46.00 | ERROR | |||
r-release-macos-x86_64 | 0.9.12 | 67.00 | ERROR | |||
r-release-windows-x86_64 | 0.9.12 | 9.00 | 130.00 | 139.00 | OK | |
r-oldrel-macos-arm64 | 0.9.12 | 72.00 | OK | |||
r-oldrel-macos-x86_64 | 0.9.12 | 139.00 | OK | |||
r-oldrel-windows-x86_64 | 0.9.12 | 12.00 | 143.00 | 155.00 | OK |
Version: 0.9.12
Check: re-building of vignette outputs
Result: ERROR
Error(s) in re-building vignettes:
...
--- re-building ‘vegdata.Rnw’ using knitr
Quitting from lines 142-143 [tax] (vegdata.Rnw)
Error: processing vignette 'vegdata.Rnw' failed with diagnostics:
Timeout was reached: [germansl.infinitenature.org] Resolving timed out after 10004 milliseconds
--- failed re-building ‘vegdata.Rnw’
SUMMARY: processing the following file failed:
‘vegdata.Rnw’
Error: Vignette re-building failed.
Execution halted
Flavor: r-release-macos-arm64
Version: 0.9.12
Check: re-building of vignette outputs
Result: ERROR
Error(s) in re-building vignettes:
...
--- re-building ‘vegdata.Rnw’ using knitr
Quitting from lines 142-143 [tax] (vegdata.Rnw)
Error: processing vignette 'vegdata.Rnw' failed with diagnostics:
Timeout was reached: [germansl.infinitenature.org] Resolving timed out after 10003 milliseconds
--- failed re-building ‘vegdata.Rnw’
SUMMARY: processing the following file failed:
‘vegdata.Rnw’
Error: Vignette re-building failed.
Execution halted
Flavor: r-release-macos-x86_64
These binaries (installable software) and packages are in development.
They may not be fully stable and should be used with caution. We make no claims about them.