CRAN Package Check Results for Package vegperiod

Last updated on 2025-05-08 04:52:22 CEST.

Flavor Version Tinstall Tcheck Ttotal Status Flags
r-devel-linux-x86_64-debian-clang 0.4.0 1.98 23.97 25.95 NOTE
r-devel-linux-x86_64-debian-gcc 0.4.0 1.63 18.93 20.56 NOTE
r-devel-linux-x86_64-fedora-clang 0.4.0 37.74 OK
r-devel-linux-x86_64-fedora-gcc 0.4.0 36.20 OK
r-devel-windows-x86_64 0.4.0 4.00 45.00 49.00 OK
r-patched-linux-x86_64 0.4.0 2.24 21.68 23.92 OK
r-release-linux-x86_64 0.4.0 2.09 21.51 23.60 OK
r-release-macos-arm64 0.4.0 20.00 OK
r-release-macos-x86_64 0.4.0 28.00 OK
r-release-windows-x86_64 0.4.0 3.00 47.00 50.00 OK
r-oldrel-macos-arm64 0.4.0 16.00 OK
r-oldrel-macos-x86_64 0.4.0 24.00 OK
r-oldrel-windows-x86_64 0.4.0 5.00 49.00 54.00 OK

Check Details

Version: 0.4.0
Check: CRAN incoming feasibility
Result: NOTE Maintainer: ‘Robert Nuske <robert.nuske@mailbox.org>’ Package CITATION file contains call(s) to old-style citEntry(). Please use bibentry() instead. Flavors: r-devel-linux-x86_64-debian-clang, r-devel-linux-x86_64-debian-gcc

These binaries (installable software) and packages are in development.
They may not be fully stable and should be used with caution. We make no claims about them.