CRAN Package Check Results for Package vegperiod

Last updated on 2025-07-01 17:55:34 CEST.

Flavor Version Tinstall Tcheck Ttotal Status Flags
r-devel-linux-x86_64-debian-clang 0.4.0 2.17 24.11 26.28 NOTE
r-devel-linux-x86_64-debian-gcc 0.4.0 1.59 19.74 21.33 NOTE
r-devel-linux-x86_64-fedora-clang 0.4.0 38.26 OK
r-devel-linux-x86_64-fedora-gcc 0.4.0 39.22 OK
r-devel-windows-x86_64 0.4.0 4.00 45.00 49.00 OK
r-patched-linux-x86_64 OK
r-release-linux-x86_64 0.4.0 2.11 21.83 23.94 OK
r-release-macos-arm64 0.4.0 20.00 OK
r-release-macos-x86_64 0.4.0 28.00 OK
r-release-windows-x86_64 0.4.0 4.00 47.00 51.00 OK
r-oldrel-macos-arm64 0.4.0 16.00 OK
r-oldrel-macos-x86_64 0.4.0 24.00 OK
r-oldrel-windows-x86_64 0.4.0 4.00 51.00 55.00 OK

Check Details

Version: 0.4.0
Check: CRAN incoming feasibility
Result: NOTE Maintainer: ‘Robert Nuske <robert.nuske@mailbox.org>’ Package CITATION file contains call(s) to old-style citEntry(). Please use bibentry() instead. Flavors: r-devel-linux-x86_64-debian-clang, r-devel-linux-x86_64-debian-gcc

These binaries (installable software) and packages are in development.
They may not be fully stable and should be used with caution. We make no claims about them.