Last updated on 2025-10-23 15:50:17 CEST.
| Flavor | Version | Tinstall | Tcheck | Ttotal | Status | Flags |
|---|---|---|---|---|---|---|
| r-devel-linux-x86_64-debian-clang | 0.1.10 | 13.63 | 130.97 | 144.60 | NOTE | |
| r-devel-linux-x86_64-debian-gcc | 0.1.10 | 8.54 | 92.90 | 101.44 | OK | |
| r-devel-linux-x86_64-fedora-clang | 0.1.10 | 73.00 | 155.07 | 228.07 | OK | |
| r-devel-linux-x86_64-fedora-gcc | 0.1.10 | 27.00 | 183.05 | 210.05 | OK | |
| r-devel-windows-x86_64 | 0.1.10 | 16.00 | 148.00 | 164.00 | OK | |
| r-patched-linux-x86_64 | 0.1.10 | 13.28 | 124.46 | 137.74 | OK | |
| r-release-linux-x86_64 | 0.1.10 | 12.33 | 123.95 | 136.28 | OK | |
| r-release-macos-arm64 | 0.1.10 | 6.00 | 59.00 | 65.00 | OK | |
| r-release-macos-x86_64 | 0.1.10 | 22.00 | 176.00 | 198.00 | OK | |
| r-release-windows-x86_64 | 0.1.10 | 15.00 | 150.00 | 165.00 | OK | |
| r-oldrel-macos-arm64 | 0.1.10 | 6.00 | 63.00 | 69.00 | OK | |
| r-oldrel-macos-x86_64 | 0.1.10 | 11.00 | 173.00 | 184.00 | OK | |
| r-oldrel-windows-x86_64 | 0.1.10 | 21.00 | 189.00 | 210.00 | OK |
Version: 0.1.10
Check: HTML version of manual
Result: NOTE
Found the following HTML validation problems:
update_det.html:65:1 (update_det.Rd:21): Warning: missing </ul> before </div>
Flavor: r-devel-linux-x86_64-debian-clang
These binaries (installable software) and packages are in development.
They may not be fully stable and should be used with caution. We make no claims about them.