Last updated on 2024-07-27 15:50:37 CEST.
Flavor | Version | Tinstall | Tcheck | Ttotal | Status | Flags |
---|---|---|---|---|---|---|
r-devel-linux-x86_64-debian-clang | 1.1.3 | 30.45 | 264.43 | 294.88 | OK | |
r-devel-linux-x86_64-debian-gcc | 1.1.3 | OK | ||||
r-devel-linux-x86_64-fedora-clang | 1.1.3 | 370.53 | NOTE | |||
r-devel-linux-x86_64-fedora-gcc | 1.1.3 | 359.18 | NOTE | |||
r-devel-windows-x86_64 | 1.1.3 | 33.00 | 222.00 | 255.00 | OK | |
r-patched-linux-x86_64 | 1.1.3 | OK | ||||
r-release-linux-x86_64 | 1.1.3 | 29.65 | 256.61 | 286.26 | OK | |
r-release-macos-arm64 | 1.1.3 | 103.00 | NOTE | |||
r-release-macos-x86_64 | 1.1.3 | 158.00 | NOTE | |||
r-release-windows-x86_64 | 1.1.3 | 31.00 | 224.00 | 255.00 | OK | |
r-oldrel-macos-arm64 | 1.1.3 | 105.00 | NOTE | |||
r-oldrel-macos-x86_64 | 1.1.3 | 221.00 | NOTE | |||
r-oldrel-windows-x86_64 | 1.1.3 | 37.00 | 277.00 | 314.00 | OK |
Version: 1.1.3
Check: data for non-ASCII characters
Result: NOTE
Note: found 49 marked UTF-8 strings
Flavors: r-devel-linux-x86_64-fedora-clang, r-devel-linux-x86_64-fedora-gcc
Version: 1.1.3
Check: installed package size
Result: NOTE
installed size is 5.2Mb
sub-directories of 1Mb or more:
R 3.4Mb
help 1.1Mb
Flavors: r-release-macos-arm64, r-release-macos-x86_64, r-oldrel-macos-arm64, r-oldrel-macos-x86_64
These binaries (installable software) and packages are in development.
They may not be fully stable and should be used with caution. We make no claims about them.