Last updated on 2025-07-03 23:51:07 CEST.
Flavor | Version | Tinstall | Tcheck | Ttotal | Status | Flags |
---|---|---|---|---|---|---|
r-devel-linux-x86_64-debian-clang | 1.3.0 | 27.30 | 217.03 | 244.33 | OK | |
r-devel-linux-x86_64-debian-gcc | 1.3.0 | 18.31 | 138.68 | 156.99 | OK | |
r-devel-linux-x86_64-fedora-clang | 1.3.0 | 372.81 | OK | |||
r-devel-linux-x86_64-fedora-gcc | 1.3.0 | 386.50 | OK | |||
r-devel-windows-x86_64 | 1.3.0 | 32.00 | 217.00 | 249.00 | OK | |
r-patched-linux-x86_64 | 1.3.0 | 28.50 | 197.72 | 226.22 | OK | |
r-release-linux-x86_64 | 1.3.0 | 25.80 | 196.63 | 222.43 | OK | |
r-release-macos-arm64 | 1.3.0 | 113.00 | OK | |||
r-release-macos-x86_64 | 1.3.0 | 229.00 | OK | |||
r-release-windows-x86_64 | 1.3.0 | 32.00 | 218.00 | 250.00 | OK | |
r-oldrel-macos-arm64 | 1.3.0 | 104.00 | NOTE | |||
r-oldrel-macos-x86_64 | 1.3.0 | 188.00 | NOTE | |||
r-oldrel-windows-x86_64 | 1.3.0 | 41.00 | 283.00 | 324.00 | OK |
Version: 1.3.0
Check: installed package size
Result: NOTE
installed size is 5.2Mb
sub-directories of 1Mb or more:
R 3.4Mb
help 1.1Mb
Flavors: r-oldrel-macos-arm64, r-oldrel-macos-x86_64
These binaries (installable software) and packages are in development.
They may not be fully stable and should be used with caution. We make no claims about them.