Last updated on 2025-10-03 11:51:06 CEST.
Flavor | Version | Tinstall | Tcheck | Ttotal | Status | Flags |
---|---|---|---|---|---|---|
r-devel-linux-x86_64-debian-clang | 1.3.0 | 26.01 | 221.34 | 247.35 | OK | |
r-devel-linux-x86_64-debian-gcc | 1.3.0 | 18.60 | 133.98 | 152.58 | OK | |
r-devel-linux-x86_64-fedora-clang | 1.3.0 | 367.82 | OK | |||
r-devel-linux-x86_64-fedora-gcc | 1.3.0 | 387.49 | OK | |||
r-devel-windows-x86_64 | 1.3.0 | 32.00 | 220.00 | 252.00 | OK | |
r-patched-linux-x86_64 | 1.3.0 | 28.59 | 198.65 | 227.24 | OK | |
r-release-linux-x86_64 | 1.3.0 | 26.41 | 200.56 | 226.97 | OK | |
r-release-macos-arm64 | 1.3.0 | 113.00 | OK | |||
r-release-macos-x86_64 | 1.3.0 | 229.00 | OK | |||
r-release-windows-x86_64 | 1.3.0 | 33.00 | 223.00 | 256.00 | OK | |
r-oldrel-macos-arm64 | 1.3.0 | 104.00 | NOTE | |||
r-oldrel-macos-x86_64 | 1.3.0 | 188.00 | NOTE | |||
r-oldrel-windows-x86_64 | 1.3.0 | 43.00 | 290.00 | 333.00 | OK |
Version: 1.3.0
Check: installed package size
Result: NOTE
installed size is 5.2Mb
sub-directories of 1Mb or more:
R 3.4Mb
help 1.1Mb
Flavors: r-oldrel-macos-arm64, r-oldrel-macos-x86_64
These binaries (installable software) and packages are in development.
They may not be fully stable and should be used with caution. We make no claims about them.