CRAN Package Check Results for Package venneuler

Last updated on 2025-10-23 15:50:17 CEST.

Flavor Version Tinstall Tcheck Ttotal Status Flags
r-devel-linux-x86_64-debian-clang 1.1-4 2.89 35.40 38.29 NOTE
r-devel-linux-x86_64-debian-gcc 1.1-4 2.39 25.79 28.18 NOTE
r-devel-linux-x86_64-fedora-clang 1.1-4 13.00 47.56 60.56 OK
r-devel-linux-x86_64-fedora-gcc 1.1-4 55.79 OK
r-devel-windows-x86_64 1.1-4 4.00 51.00 55.00 OK
r-patched-linux-x86_64 1.1-4 3.17 33.47 36.64 OK
r-release-linux-x86_64 1.1-4 3.15 33.70 36.85 OK
r-release-macos-arm64 1.1-4 2.00 20.00 22.00 OK
r-release-macos-x86_64 1.1-4 3.00 34.00 37.00 OK
r-release-windows-x86_64 1.1-4 5.00 55.00 60.00 OK
r-oldrel-macos-arm64 1.1-4 2.00 20.00 22.00 OK
r-oldrel-macos-x86_64 1.1-4 3.00 29.00 32.00 OK
r-oldrel-windows-x86_64 1.1-4 3.00 50.00 53.00 OK

Check Details

Version: 1.1-4
Check: CRAN incoming feasibility
Result: NOTE Maintainer: ‘Simon Urbanek <simon.urbanek@r-project.org>’ No Authors@R field in DESCRIPTION. Please add one, modifying Authors@R: c(person(given = "Lee", family = "Wilkinson", role = "aut", email = "leland.wilkinson@gmail.com"), person(given = "Simon", family = "Urbanek", role = "cre", email = "simon.urbanek@r-project.org")) as necessary. Flavors: r-devel-linux-x86_64-debian-clang, r-devel-linux-x86_64-debian-gcc

These binaries (installable software) and packages are in development.
They may not be fully stable and should be used with caution. We make no claims about them.