Last updated on 2025-07-23 05:49:01 CEST.
Flavor | Version | Tinstall | Tcheck | Ttotal | Status | Flags |
---|---|---|---|---|---|---|
r-devel-linux-x86_64-debian-clang | 1.1-4 | 2.62 | 33.63 | 36.25 | NOTE | |
r-devel-linux-x86_64-debian-gcc | 1.1-4 | 2.28 | 25.32 | 27.60 | NOTE | |
r-devel-linux-x86_64-fedora-clang | 1.1-4 | 59.50 | OK | |||
r-devel-linux-x86_64-fedora-gcc | 1.1-4 | 54.26 | OK | |||
r-devel-windows-x86_64 | 1.1-4 | 5.00 | 51.00 | 56.00 | OK | |
r-patched-linux-x86_64 | 1.1-4 | 2.76 | 32.39 | 35.15 | OK | |
r-release-linux-x86_64 | 1.1-4 | 2.90 | 32.46 | 35.36 | OK | |
r-release-macos-arm64 | 1.1-4 | 22.00 | OK | |||
r-release-macos-x86_64 | 1.1-4 | 37.00 | OK | |||
r-release-windows-x86_64 | 1.1-4 | 5.00 | 55.00 | 60.00 | OK | |
r-oldrel-macos-arm64 | 1.1-4 | 22.00 | OK | |||
r-oldrel-macos-x86_64 | 1.1-4 | 32.00 | OK | |||
r-oldrel-windows-x86_64 | 1.1-4 | 3.00 | 50.00 | 53.00 | OK |
Version: 1.1-4
Check: CRAN incoming feasibility
Result: NOTE
Maintainer: ‘Simon Urbanek <simon.urbanek@r-project.org>’
No Authors@R field in DESCRIPTION.
Please add one, modifying
Authors@R: c(person(given = "Lee",
family = "Wilkinson",
role = "aut",
email = "leland.wilkinson@gmail.com"),
person(given = "Simon",
family = "Urbanek",
role = "cre",
email = "simon.urbanek@r-project.org"))
as necessary.
Flavors: r-devel-linux-x86_64-debian-clang, r-devel-linux-x86_64-debian-gcc
These binaries (installable software) and packages are in development.
They may not be fully stable and should be used with caution. We make no claims about them.