Last updated on 2025-10-23 21:51:47 CEST.
Flavor | Version | Tinstall | Tcheck | Ttotal | Status | Flags |
---|---|---|---|---|---|---|
r-devel-linux-x86_64-debian-clang | 0.7.2 | 6.69 | 59.02 | 65.71 | NOTE | |
r-devel-linux-x86_64-debian-gcc | 0.7.2 | 4.25 | 44.91 | 49.16 | OK | |
r-devel-linux-x86_64-fedora-clang | 0.7.2 | 31.00 | 70.67 | 101.67 | OK | |
r-devel-linux-x86_64-fedora-gcc | 0.7.2 | 13.00 | 79.94 | 92.94 | OK | |
r-devel-windows-x86_64 | 0.7.2 | 7.00 | 68.00 | 75.00 | OK | |
r-patched-linux-x86_64 | 0.7.2 | 6.47 | 55.41 | 61.88 | OK | |
r-release-linux-x86_64 | 0.7.2 | 6.36 | 55.45 | 61.81 | OK | |
r-release-macos-arm64 | 0.7.2 | 5.00 | 39.00 | 44.00 | OK | |
r-release-macos-x86_64 | 0.7.2 | 6.00 | 58.00 | 64.00 | OK | |
r-release-windows-x86_64 | 0.7.2 | 8.00 | 69.00 | 77.00 | OK | |
r-oldrel-macos-arm64 | 0.7.2 | 3.00 | 31.00 | 34.00 | OK | |
r-oldrel-macos-x86_64 | 0.7.2 | 6.00 | 58.00 | 64.00 | OK | |
r-oldrel-windows-x86_64 | 0.7.2 | 10.00 | 83.00 | 93.00 | OK |
Version: 0.7.2
Check: HTML version of manual
Result: NOTE
Found the following HTML validation problems:
print.pairrel.html:89:1 (print.pairrel.Rd:39): Warning: missing </ul> before </div>
Flavor: r-devel-linux-x86_64-debian-clang
These binaries (installable software) and packages are in development.
They may not be fully stable and should be used with caution. We make no claims about them.