CRAN Package Check Results for Package versions

Last updated on 2025-02-16 08:51:05 CET.

Flavor Version Tinstall Tcheck Ttotal Status Flags
r-devel-linux-x86_64-debian-clang 0.3 1.61 16.49 18.10 OK
r-devel-linux-x86_64-debian-gcc 0.3 1.33 13.77 15.10 OK
r-devel-linux-x86_64-fedora-clang 0.3 29.56 OK
r-devel-linux-x86_64-fedora-gcc 0.3 27.70 OK
r-devel-macos-arm64 0.3 13.00 OK
r-devel-macos-x86_64 0.3 21.00 OK
r-devel-windows-x86_64 0.3 2.00 35.00 37.00 OK
r-patched-linux-x86_64 0.3 1.52 15.86 17.38 NOTE
r-release-linux-x86_64 0.3 1.41 15.79 17.20 NOTE
r-release-macos-arm64 0.3 13.00 NOTE
r-release-macos-x86_64 0.3 19.00 NOTE
r-release-windows-x86_64 0.3 2.00 34.00 36.00 NOTE
r-oldrel-macos-arm64 0.3 16.00 NOTE
r-oldrel-macos-x86_64 0.3 18.00 NOTE
r-oldrel-windows-x86_64 0.3 2.00 35.00 37.00 NOTE

Check Details

Version: 0.3
Check: LazyData
Result: NOTE 'LazyData' is specified without a 'data' directory Flavors: r-patched-linux-x86_64, r-release-linux-x86_64, r-release-macos-arm64, r-release-macos-x86_64, r-release-windows-x86_64, r-oldrel-macos-arm64, r-oldrel-macos-x86_64, r-oldrel-windows-x86_64

These binaries (installable software) and packages are in development.
They may not be fully stable and should be used with caution. We make no claims about them.