Last updated on 2025-11-13 01:50:38 CET.
| Flavor | Version | Tinstall | Tcheck | Ttotal | Status | Flags |
|---|---|---|---|---|---|---|
| r-devel-linux-x86_64-debian-clang | 0.3.0 | 6.24 | 57.42 | 63.66 | NOTE | |
| r-devel-linux-x86_64-debian-gcc | 0.3.0 | 5.14 | 42.07 | 47.21 | WARN | |
| r-devel-linux-x86_64-fedora-clang | 0.3.0 | 33.00 | 62.58 | 95.58 | WARN | |
| r-devel-linux-x86_64-fedora-gcc | 0.3.0 | 30.00 | 65.41 | 95.41 | WARN | |
| r-devel-windows-x86_64 | 0.3.0 | 10.00 | 67.00 | 77.00 | NOTE | |
| r-patched-linux-x86_64 | 0.3.0 | 5.94 | 51.31 | 57.25 | NOTE | |
| r-release-linux-x86_64 | 0.3.0 | 6.00 | 51.64 | 57.64 | NOTE | |
| r-release-macos-arm64 | 0.3.0 | 4.00 | 27.00 | 31.00 | NOTE | |
| r-release-macos-x86_64 | 0.3.0 | 7.00 | 48.00 | 55.00 | NOTE | |
| r-release-windows-x86_64 | 0.3.0 | 9.00 | 67.00 | 76.00 | NOTE | |
| r-oldrel-macos-arm64 | 0.3.0 | 4.00 | 28.00 | 32.00 | OK | |
| r-oldrel-macos-x86_64 | 0.3.0 | 5.00 | 41.00 | 46.00 | OK | |
| r-oldrel-windows-x86_64 | 0.3.0 | 13.00 | 84.00 | 97.00 | OK |
Version: 0.3.0
Check: compiled code
Result: NOTE
File ‘versus/libs/versus.so’:
Found non-API call to R: ‘STRING_PTR’
Compiled code should not call non-API entry points in R.
See ‘Writing portable packages’ in the ‘Writing R Extensions’ manual,
and section ‘Moving into C API compliance’ for issues with the use of
non-API entry points.
Flavors: r-devel-linux-x86_64-debian-clang, r-patched-linux-x86_64, r-release-linux-x86_64, r-release-macos-arm64, r-release-macos-x86_64
Version: 0.3.0
Check: compiled code
Result: WARN
File ‘versus/libs/versus.so’:
Found non-API call to R: ‘STRING_PTR’
This entry point may be removed soon.
Compiled code should not call non-API entry points in R.
See ‘Writing portable packages’ in the ‘Writing R Extensions’ manual,
and section ‘Moving into C API compliance’ for issues with the use of
non-API entry points.
Flavors: r-devel-linux-x86_64-debian-gcc, r-devel-linux-x86_64-fedora-clang, r-devel-linux-x86_64-fedora-gcc
Version: 0.3.0
Check: compiled code
Result: NOTE
File 'versus/libs/x64/versus.dll':
Found non-API call to R: 'STRING_PTR'
Compiled code should not call non-API entry points in R.
See 'Writing portable packages' in the 'Writing R Extensions' manual,
and section 'Moving into C API compliance' for issues with the use of
non-API entry points.
Flavors: r-devel-windows-x86_64, r-release-windows-x86_64
These binaries (installable software) and packages are in development.
They may not be fully stable and should be used with caution. We make no claims about them.