CRAN Package Check Results for Package vesselr

Last updated on 2025-02-16 08:51:05 CET.

Flavor Version Tinstall Tcheck Ttotal Status Flags
r-devel-linux-x86_64-debian-clang 0.2.1 4.38 38.31 42.69 NOTE
r-devel-linux-x86_64-debian-gcc 0.2.1 3.32 28.67 31.99 NOTE
r-devel-linux-x86_64-fedora-clang 0.2.1 69.97 OK
r-devel-linux-x86_64-fedora-gcc 0.2.1 64.37 OK
r-devel-macos-arm64 0.2.1 21.00 OK
r-devel-macos-x86_64 0.2.1 40.00 OK
r-devel-windows-x86_64 0.2.1 5.00 59.00 64.00 NOTE
r-patched-linux-x86_64 0.2.1 5.52 35.85 41.37 NOTE
r-release-linux-x86_64 0.2.1 4.18 36.01 40.19 NOTE
r-release-macos-arm64 0.2.1 21.00 NOTE
r-release-macos-x86_64 0.2.1 38.00 NOTE
r-release-windows-x86_64 0.2.1 5.00 68.00 73.00 NOTE
r-oldrel-macos-arm64 0.2.1 26.00 NOTE
r-oldrel-macos-x86_64 0.2.1 35.00 NOTE
r-oldrel-windows-x86_64 0.2.1 6.00 60.00 66.00 NOTE

Check Details

Version: 0.2.1
Check: Rd cross-references
Result: NOTE Found the following Rd file(s) with Rd \link{} targets missing package anchors: blobness3D.Rd: nifti gradient3D.Rd: nifti hessian3D.Rd: nifti vesselness3D.Rd: nifti Please provide package anchors for all Rd \link{} targets not in the package itself and the base packages. Flavors: r-devel-linux-x86_64-debian-clang, r-devel-linux-x86_64-debian-gcc, r-devel-windows-x86_64

Version: 0.2.1
Check: LazyData
Result: NOTE 'LazyData' is specified without a 'data' directory Flavors: r-patched-linux-x86_64, r-release-linux-x86_64, r-release-macos-arm64, r-release-macos-x86_64, r-release-windows-x86_64, r-oldrel-macos-arm64, r-oldrel-macos-x86_64, r-oldrel-windows-x86_64

These binaries (installable software) and packages are in development.
They may not be fully stable and should be used with caution. We make no claims about them.