Last updated on 2025-05-01 12:49:44 CEST.
Flavor | Version | Tinstall | Tcheck | Ttotal | Status | Flags |
---|---|---|---|---|---|---|
r-devel-linux-x86_64-debian-clang | 0.2.5 | 5.75 | 112.55 | 118.30 | NOTE | |
r-devel-linux-x86_64-debian-gcc | 0.2.5 | 4.38 | 84.09 | 88.47 | OK | |
r-devel-linux-x86_64-fedora-clang | 0.2.5 | 179.91 | OK | |||
r-devel-linux-x86_64-fedora-gcc | 0.2.5 | 189.81 | OK | |||
r-devel-windows-x86_64 | 0.2.5 | 10.00 | 134.00 | 144.00 | OK | |
r-patched-linux-x86_64 | 0.2.5 | 7.25 | 106.75 | 114.00 | OK | |
r-release-linux-x86_64 | OK | |||||
r-release-macos-arm64 | 0.2.5 | 68.00 | OK | |||
r-release-macos-x86_64 | 0.2.5 | 145.00 | OK | |||
r-release-windows-x86_64 | 0.2.5 | 11.00 | 136.00 | 147.00 | OK | |
r-oldrel-macos-arm64 | 0.2.5 | 50.00 | OK | |||
r-oldrel-macos-x86_64 | 0.2.5 | 77.00 | OK | |||
r-oldrel-windows-x86_64 | 0.2.5 | 11.00 | 168.00 | 179.00 | OK |
Version: 0.2.5
Check: examples
Result: NOTE
Examples with CPU (user + system) or elapsed time > 5s
user system elapsed
vetiver_compute_metrics 4.526 0.353 6.07
Flavor: r-devel-linux-x86_64-debian-clang
Version: 0.2.5
Check: examples
Result: NA
user system elapsed
vetiver_compute_metrics 3.326 0.496 5.212
OK
Flavor: r-devel-linux-x86_64-debian-gcc
These binaries (installable software) and packages are in development.
They may not be fully stable and should be used with caution. We make no claims about them.