Last updated on 2025-10-24 09:50:23 CEST.
| Flavor | Version | Tinstall | Tcheck | Ttotal | Status | Flags |
|---|---|---|---|---|---|---|
| r-devel-linux-x86_64-debian-clang | 1.0.0 | 19.85 | 181.04 | 200.89 | OK | |
| r-devel-linux-x86_64-debian-gcc | 1.0.0 | 14.39 | 126.90 | 141.29 | OK | |
| r-devel-linux-x86_64-fedora-clang | 1.0.0 | 60.00 | 257.74 | 317.74 | OK | |
| r-devel-linux-x86_64-fedora-gcc | 1.0.0 | 40.00 | 250.75 | 290.75 | OK | |
| r-devel-windows-x86_64 | 1.0.0 | 20.00 | 158.00 | 178.00 | OK | |
| r-patched-linux-x86_64 | 1.0.0 | 19.85 | 170.96 | 190.81 | OK | |
| r-release-linux-x86_64 | 1.0.0 | 17.90 | 168.31 | 186.21 | OK | |
| r-release-macos-arm64 | 1.0.0 | 7.00 | 65.00 | 72.00 | OK | |
| r-release-macos-x86_64 | 1.0.0 | 22.00 | 146.00 | 168.00 | OK | |
| r-release-windows-x86_64 | 1.0.0 | 19.00 | 158.00 | 177.00 | OK | |
| r-oldrel-macos-arm64 | 1.0.0 | 7.00 | 67.00 | 74.00 | NOTE | |
| r-oldrel-macos-x86_64 | 1.0.0 | 20.00 | 112.00 | 132.00 | NOTE | |
| r-oldrel-windows-x86_64 | 1.0.0 | 26.00 | 212.00 | 238.00 | NOTE |
Version: 1.0.0
Check: LazyData
Result: NOTE
'LazyData' is specified without a 'data' directory
Flavors: r-oldrel-macos-arm64, r-oldrel-macos-x86_64, r-oldrel-windows-x86_64
These binaries (installable software) and packages are in development.
They may not be fully stable and should be used with caution. We make no claims about them.