Last updated on 2025-11-17 03:50:00 CET.
| Flavor | Version | Tinstall | Tcheck | Ttotal | Status | Flags |
|---|---|---|---|---|---|---|
| r-devel-linux-x86_64-debian-clang | 1.0.0 | 18.98 | 177.09 | 196.07 | OK | |
| r-devel-linux-x86_64-debian-gcc | 1.0.0 | 14.65 | 124.10 | 138.75 | OK | |
| r-devel-linux-x86_64-fedora-clang | 1.0.0 | 42.00 | 262.12 | 304.12 | OK | |
| r-devel-linux-x86_64-fedora-gcc | 1.0.0 | 40.00 | 249.03 | 289.03 | OK | |
| r-devel-windows-x86_64 | 1.0.0 | 23.00 | 159.00 | 182.00 | OK | |
| r-patched-linux-x86_64 | 1.0.0 | 19.60 | 167.81 | 187.41 | OK | |
| r-release-linux-x86_64 | 1.0.0 | 18.23 | 167.35 | 185.58 | OK | |
| r-release-macos-arm64 | 1.0.0 | 7.00 | 65.00 | 72.00 | OK | |
| r-release-macos-x86_64 | 1.0.0 | 22.00 | 146.00 | 168.00 | OK | |
| r-release-windows-x86_64 | 1.0.0 | 19.00 | 158.00 | 177.00 | OK | |
| r-oldrel-macos-arm64 | 1.0.0 | 7.00 | 67.00 | 74.00 | NOTE | |
| r-oldrel-macos-x86_64 | 1.0.0 | 20.00 | 112.00 | 132.00 | NOTE | |
| r-oldrel-windows-x86_64 | 1.0.0 | 27.00 | 209.00 | 236.00 | NOTE |
Version: 1.0.0
Check: LazyData
Result: NOTE
'LazyData' is specified without a 'data' directory
Flavors: r-oldrel-macos-arm64, r-oldrel-macos-x86_64, r-oldrel-windows-x86_64
These binaries (installable software) and packages are in development.
They may not be fully stable and should be used with caution. We make no claims about them.