Last updated on 2025-02-16 08:51:05 CET.
Flavor | Version | Tinstall | Tcheck | Ttotal | Status | Flags |
---|---|---|---|---|---|---|
r-devel-linux-x86_64-debian-clang | 0.2.0 | 6.09 | 63.39 | 69.48 | NOTE | |
r-devel-linux-x86_64-debian-gcc | 0.2.0 | 4.56 | 43.42 | 47.98 | NOTE | |
r-devel-linux-x86_64-fedora-clang | 0.2.0 | 113.57 | NOTE | |||
r-devel-linux-x86_64-fedora-gcc | 0.2.0 | 105.01 | NOTE | |||
r-devel-macos-arm64 | 0.2.0 | 78.00 | NOTE | |||
r-devel-macos-x86_64 | 0.2.0 | 227.00 | NOTE | |||
r-devel-windows-x86_64 | 0.2.0 | 7.00 | 83.00 | 90.00 | NOTE | |
r-patched-linux-x86_64 | 0.2.0 | 6.21 | 59.93 | 66.14 | NOTE | |
r-release-linux-x86_64 | 0.2.0 | 6.23 | 59.98 | 66.21 | NOTE | |
r-release-macos-arm64 | 0.2.0 | 75.00 | NOTE | |||
r-release-macos-x86_64 | 0.2.0 | 130.00 | NOTE | |||
r-release-windows-x86_64 | 0.2.0 | 7.00 | 85.00 | 92.00 | NOTE | |
r-oldrel-macos-arm64 | 0.2.0 | 83.00 | OK | |||
r-oldrel-macos-x86_64 | 0.2.0 | 318.00 | OK | |||
r-oldrel-windows-x86_64 | 0.2.0 | 9.00 | 110.00 | 119.00 | OK |
Version: 0.2.0
Check: Rd files
Result: NOTE
checkRd: (-1) VirtualArray-single-bracket-method.Rd:6: Lost braces
6 | \title{Indexing to extract subsets of a 'code{\link[via:XArray-class]{VirtualArray}}'-class object}
| ^
checkRd: (-1) subset.Rd:20: Lost braces
20 | \item{drop}{\code{logical} in case the result of subsetting is a single element, should the \\code{\link[via:XArray-class]{VirtualArray}} wrapper be dropped?}
| ^
Flavors: r-devel-linux-x86_64-debian-clang, r-devel-linux-x86_64-debian-gcc, r-devel-linux-x86_64-fedora-clang, r-devel-linux-x86_64-fedora-gcc, r-devel-macos-arm64, r-devel-macos-x86_64, r-devel-windows-x86_64, r-patched-linux-x86_64, r-release-linux-x86_64, r-release-macos-arm64, r-release-macos-x86_64, r-release-windows-x86_64
These binaries (installable software) and packages are in development.
They may not be fully stable and should be used with caution. We make no claims about them.