Last updated on 2025-11-12 12:53:26 CET.
| Flavor | Version | Tinstall | Tcheck | Ttotal | Status | Flags |
|---|---|---|---|---|---|---|
| r-devel-linux-x86_64-debian-clang | 1.0.3 | 24.09 | 196.28 | 220.37 | OK | |
| r-devel-linux-x86_64-debian-gcc | 1.0.3 | 14.80 | 141.73 | 156.53 | OK | |
| r-devel-linux-x86_64-fedora-clang | 1.0.3 | 85.00 | 270.79 | 355.79 | OK | |
| r-devel-linux-x86_64-fedora-gcc | 1.0.3 | 49.00 | 283.53 | 332.53 | OK | |
| r-devel-windows-x86_64 | 1.0.3 | 25.00 | 184.00 | 209.00 | OK | |
| r-patched-linux-x86_64 | 1.0.3 | 19.36 | 184.75 | 204.11 | OK | |
| r-release-linux-x86_64 | 1.0.3 | 21.45 | 187.39 | 208.84 | OK | |
| r-release-macos-arm64 | 1.0.3 | 8.00 | 88.00 | 96.00 | OK | |
| r-release-macos-x86_64 | 1.0.3 | 21.00 | 230.00 | 251.00 | OK | |
| r-release-windows-x86_64 | 1.0.3 | 27.00 | 188.00 | 215.00 | OK | |
| r-oldrel-macos-arm64 | 1.0.3 | 8.00 | 93.00 | 101.00 | NOTE | |
| r-oldrel-macos-x86_64 | 1.0.3 | 28.00 | 299.00 | 327.00 | NOTE | |
| r-oldrel-windows-x86_64 | 1.0.3 | 35.00 | 233.00 | 268.00 | NOTE |
Version: 1.0.3
Check: package dependencies
Result: NOTE
Package suggested but not available for checking: ‘INLA’
Flavors: r-oldrel-macos-arm64, r-oldrel-macos-x86_64
Version: 1.0.3
Check: installed package size
Result: NOTE
installed size is 10.6Mb
sub-directories of 1Mb or more:
doc 9.5Mb
Flavors: r-oldrel-macos-arm64, r-oldrel-macos-x86_64, r-oldrel-windows-x86_64
These binaries (installable software) and packages are in development.
They may not be fully stable and should be used with caution. We make no claims about them.