CRAN Package Check Results for Package viking

Last updated on 2025-07-26 00:49:21 CEST.

Flavor Version Tinstall Tcheck Ttotal Status Flags
r-devel-linux-x86_64-debian-clang 1.0.2 2.81 29.27 32.08 NOTE
r-devel-linux-x86_64-debian-gcc 1.0.2 1.99 22.16 24.15 NOTE
r-devel-linux-x86_64-fedora-clang 1.0.2 53.69 OK
r-devel-linux-x86_64-fedora-gcc 1.0.2 48.34 OK
r-devel-windows-x86_64 1.0.2 5.00 55.00 60.00 OK
r-patched-linux-x86_64 1.0.2 2.76 27.51 30.27 OK
r-release-linux-x86_64 1.0.2 2.67 27.44 30.11 OK
r-release-macos-arm64 1.0.2 19.00 OK
r-release-macos-x86_64 1.0.2 32.00 OK
r-release-windows-x86_64 1.0.2 3.00 61.00 64.00 OK
r-oldrel-macos-arm64 1.0.2 18.00 OK
r-oldrel-macos-x86_64 1.0.2 26.00 OK
r-oldrel-windows-x86_64 1.0.2 3.00 54.00 57.00 OK

Check Details

Version: 1.0.2
Check: CRAN incoming feasibility
Result: NOTE Maintainer: ‘Joseph de Vilmarest <joseph.de-vilmarest@vikingconseil.fr>’ No Authors@R field in DESCRIPTION. Please add one, modifying Authors@R: person(given = "Joseph", family = "de Vilmarest", role = c("aut", "cre"), email = "joseph.de-vilmarest@vikingconseil.fr", comment = c(ORCID = "0000-0002-0634-8484")) as necessary. Flavors: r-devel-linux-x86_64-debian-clang, r-devel-linux-x86_64-debian-gcc

These binaries (installable software) and packages are in development.
They may not be fully stable and should be used with caution. We make no claims about them.