Last updated on 2025-07-24 01:50:39 CEST.
Flavor | Version | Tinstall | Tcheck | Ttotal | Status | Flags |
---|---|---|---|---|---|---|
r-devel-linux-x86_64-debian-clang | 2.0.0 | 10.53 | 524.84 | 535.37 | OK | |
r-devel-linux-x86_64-debian-gcc | 2.0.0 | 6.29 | 314.74 | 321.03 | OK | |
r-devel-linux-x86_64-fedora-clang | 2.0.0 | 825.78 | OK | |||
r-devel-linux-x86_64-fedora-gcc | 2.0.0 | 799.90 | OK | |||
r-devel-windows-x86_64 | 2.0.0 | 10.00 | 450.00 | 460.00 | OK | |
r-patched-linux-x86_64 | 2.0.0 | 9.88 | 498.24 | 508.12 | OK | |
r-release-linux-x86_64 | 2.0.0 | 8.69 | 508.68 | 517.37 | OK | |
r-release-macos-arm64 | 2.0.0 | 253.00 | OK | |||
r-release-macos-x86_64 | 2.0.0 | 463.00 | OK | |||
r-release-windows-x86_64 | 2.0.0 | 10.00 | 464.00 | 474.00 | OK | |
r-oldrel-macos-arm64 | 2.0.0 | 267.00 | NOTE | |||
r-oldrel-macos-x86_64 | 2.0.0 | 329.00 | NOTE | |||
r-oldrel-windows-x86_64 | 2.0.0 | 16.00 | 600.00 | 616.00 | NOTE |
Version: 2.0.0
Check: installed package size
Result: NOTE
installed size is 5.2Mb
sub-directories of 1Mb or more:
doc 4.7Mb
Flavors: r-oldrel-macos-arm64, r-oldrel-macos-x86_64, r-oldrel-windows-x86_64
These binaries (installable software) and packages are in development.
They may not be fully stable and should be used with caution. We make no claims about them.