CRAN Package Check Results for Package vimp

Last updated on 2025-10-23 11:50:33 CEST.

Flavor Version Tinstall Tcheck Ttotal Status Flags
r-devel-linux-x86_64-debian-clang 2.3.6 7.80 231.65 239.45 NOTE
r-devel-linux-x86_64-debian-gcc 2.3.6 5.16 167.80 172.96 OK
r-devel-linux-x86_64-fedora-clang 2.3.6 37.00 342.42 379.42 OK
r-devel-linux-x86_64-fedora-gcc 2.3.6 13.00 349.01 362.01 OK
r-devel-windows-x86_64 2.3.6 12.00 243.00 255.00 OK
r-patched-linux-x86_64 2.3.6 9.48 220.64 230.12 OK
r-release-linux-x86_64 2.3.6 6.71 220.13 226.84 OK
r-release-macos-arm64 2.3.6 3.00 128.00 131.00 OK
r-release-macos-x86_64 2.3.6 7.00 209.00 216.00 OK
r-release-windows-x86_64 2.3.6 10.00 249.00 259.00 OK
r-oldrel-macos-arm64 2.3.6 4.00 130.00 134.00 OK
r-oldrel-macos-x86_64 2.3.6 7.00 227.00 234.00 OK
r-oldrel-windows-x86_64 2.3.6 14.00 314.00 328.00 OK

Check Details

Version: 2.3.6
Check: HTML version of manual
Result: NOTE Found the following HTML validation problems: estimate.html:50:1 (estimate.Rd:12): Warning: missing </ul> before </div> estimate_type_predictiveness.html:50:1 (estimate_type_predictiveness.Rd:12): Warning: missing </ul> before </div> format.predictiveness_measure.html:51:1 (format.predictiveness_measure.Rd:12): Warning: missing </ul> before </div> format.vim.html:51:1 (format.vim.Rd:12): Warning: missing </ul> before </div> print.predictiveness_measure.html:51:1 (print.predictiveness_measure.Rd:12): Warning: missing </ul> before </div> print.vim.html:51:1 (print.vim.Rd:12): Warning: missing </ul> before </div> Flavor: r-devel-linux-x86_64-debian-clang

These binaries (installable software) and packages are in development.
They may not be fully stable and should be used with caution. We make no claims about them.