Last updated on 2024-07-27 15:50:37 CEST.
Flavor | Version | Tinstall | Tcheck | Ttotal | Status | Flags |
---|---|---|---|---|---|---|
r-devel-linux-x86_64-debian-clang | 0.1.0 | 6.89 | 300.19 | 307.08 | OK | |
r-devel-linux-x86_64-debian-gcc | 0.1.0 | OK | ||||
r-devel-linux-x86_64-fedora-clang | 0.1.0 | 378.32 | NOTE | |||
r-devel-linux-x86_64-fedora-gcc | 0.1.0 | 361.43 | NOTE | |||
r-devel-windows-x86_64 | 0.1.0 | 9.00 | 208.00 | 217.00 | OK | |
r-patched-linux-x86_64 | 0.1.0 | OK | ||||
r-release-linux-x86_64 | 0.1.0 | 4.81 | 289.71 | 294.52 | OK | |
r-release-macos-arm64 | 0.1.0 | 96.00 | OK | |||
r-release-macos-x86_64 | 0.1.0 | 155.00 | OK | |||
r-release-windows-x86_64 | 0.1.0 | 8.00 | 198.00 | 206.00 | OK | |
r-oldrel-macos-arm64 | 0.1.0 | 105.00 | OK | |||
r-oldrel-macos-x86_64 | 0.1.0 | 166.00 | OK | |||
r-oldrel-windows-x86_64 | 0.1.0 | 9.00 | 270.00 | 279.00 | OK |
Version: 0.1.0
Check: dependencies in R code
Result: NOTE
Namespaces in Imports field not imported from:
‘mclust’ ‘rlang’
All declared Imports should be used.
Flavors: r-devel-linux-x86_64-fedora-clang, r-devel-linux-x86_64-fedora-gcc
These binaries (installable software) and packages are in development.
They may not be fully stable and should be used with caution. We make no claims about them.