CRAN Package Check Results for Package vindecodr

Last updated on 2025-02-19 17:51:08 CET.

Flavor Version Tinstall Tcheck Ttotal Status Flags
r-devel-linux-x86_64-debian-clang 0.1.1 1.20 17.59 18.79 OK
r-devel-linux-x86_64-debian-gcc 0.1.1 1.43 14.43 15.86 OK
r-devel-linux-x86_64-fedora-clang 0.1.1 31.95 OK
r-devel-linux-x86_64-fedora-gcc 0.1.1 29.27 OK
r-devel-macos-arm64 0.1.1 16.00 OK
r-devel-macos-x86_64 0.1.1 24.00 OK
r-devel-windows-x86_64 0.1.1 3.00 41.00 44.00 OK
r-patched-linux-x86_64 0.1.1 1.81 16.71 18.52 NOTE
r-release-linux-x86_64 0.1.1 1.43 16.93 18.36 NOTE
r-release-macos-arm64 0.1.1 14.00 NOTE
r-release-macos-x86_64 0.1.1 20.00 NOTE
r-release-windows-x86_64 0.1.1 4.00 39.00 43.00 NOTE
r-oldrel-macos-arm64 0.1.1 15.00 NOTE
r-oldrel-macos-x86_64 0.1.1 19.00 NOTE
r-oldrel-windows-x86_64 0.1.1 3.00 43.00 46.00 NOTE

Check Details

Version: 0.1.1
Check: LazyData
Result: NOTE 'LazyData' is specified without a 'data' directory Flavors: r-patched-linux-x86_64, r-release-linux-x86_64, r-release-macos-arm64, r-release-macos-x86_64, r-release-windows-x86_64, r-oldrel-macos-arm64, r-oldrel-macos-x86_64, r-oldrel-windows-x86_64

These binaries (installable software) and packages are in development.
They may not be fully stable and should be used with caution. We make no claims about them.