Last updated on 2025-10-23 15:50:17 CEST.
Flavor | Version | Tinstall | Tcheck | Ttotal | Status | Flags |
---|---|---|---|---|---|---|
r-devel-linux-x86_64-debian-clang | 0.1.1 | 1.75 | 20.90 | 22.65 | NOTE | |
r-devel-linux-x86_64-debian-gcc | 0.1.1 | 1.23 | 16.96 | 18.19 | OK | |
r-devel-linux-x86_64-fedora-clang | 0.1.1 | 32.22 | OK | |||
r-devel-linux-x86_64-fedora-gcc | 0.1.1 | 29.63 | OK | |||
r-devel-windows-x86_64 | 0.1.1 | 3.00 | 38.00 | 41.00 | OK | |
r-patched-linux-x86_64 | 0.1.1 | 1.82 | 18.50 | 20.32 | OK | |
r-release-linux-x86_64 | 0.1.1 | 1.68 | 18.48 | 20.16 | OK | |
r-release-macos-arm64 | 0.1.1 | 1.00 | 16.00 | 17.00 | OK | |
r-release-macos-x86_64 | 0.1.1 | 2.00 | 22.00 | 24.00 | OK | |
r-release-windows-x86_64 | 0.1.1 | 4.00 | 40.00 | 44.00 | OK | |
r-oldrel-macos-arm64 | 0.1.1 | 1.00 | 13.00 | 14.00 | NOTE | |
r-oldrel-macos-x86_64 | 0.1.1 | 2.00 | 18.00 | 20.00 | NOTE | |
r-oldrel-windows-x86_64 | 0.1.1 | 4.00 | 43.00 | 47.00 | NOTE |
Version: 0.1.1
Check: HTML version of manual
Result: NOTE
Found the following HTML validation problems:
check_vin_no_purrr.html:50:1 (check_vin_no_purrr.Rd:12): Warning: missing </ul> before </div>
check_vin_purrr.html:50:1 (check_vin_purrr.Rd:12): Warning: missing </ul> before </div>
Flavor: r-devel-linux-x86_64-debian-clang
Version: 0.1.1
Check: LazyData
Result: NOTE
'LazyData' is specified without a 'data' directory
Flavors: r-oldrel-macos-arm64, r-oldrel-macos-x86_64, r-oldrel-windows-x86_64
These binaries (installable software) and packages are in development.
They may not be fully stable and should be used with caution. We make no claims about them.