Last updated on 2025-05-08 04:52:22 CEST.
Flavor | Version | Tinstall | Tcheck | Ttotal | Status | Flags |
---|---|---|---|---|---|---|
r-devel-linux-x86_64-debian-clang | 0.11.0 | 117.34 | 170.98 | 288.32 | OK | |
r-devel-linux-x86_64-debian-gcc | 0.11.0 | 102.15 | 130.15 | 232.30 | OK | |
r-devel-linux-x86_64-fedora-clang | 0.11.0 | 500.05 | OK | |||
r-devel-linux-x86_64-fedora-gcc | 0.11.0 | 628.58 | OK | |||
r-devel-windows-x86_64 | 0.11.0 | 131.00 | 379.00 | 510.00 | OK | |
r-patched-linux-x86_64 | 0.11.0 | 132.51 | 179.59 | 312.10 | OK | |
r-release-linux-x86_64 | 0.11.0 | 125.47 | 180.09 | 305.56 | OK | |
r-release-macos-arm64 | 0.11.0 | 172.00 | OK | |||
r-release-macos-x86_64 | 0.11.0 | 379.00 | OK | |||
r-release-windows-x86_64 | 0.11.0 | 131.00 | 391.00 | 522.00 | OK | |
r-oldrel-macos-arm64 | 0.11.0 | 150.00 | NOTE | |||
r-oldrel-macos-x86_64 | 0.11.0 | 383.00 | NOTE | |||
r-oldrel-windows-x86_64 | 0.11.0 | 147.00 | 428.00 | 575.00 | NOTE |
Version: 0.11.0
Check: installed package size
Result: NOTE
installed size is 54.3Mb
sub-directories of 1Mb or more:
doc 1.4Mb
libs 52.7Mb
Flavors: r-oldrel-macos-arm64, r-oldrel-macos-x86_64, r-oldrel-windows-x86_64
These binaries (installable software) and packages are in development.
They may not be fully stable and should be used with caution. We make no claims about them.