Last updated on 2025-05-01 15:49:48 CEST.
Flavor | Version | Tinstall | Tcheck | Ttotal | Status | Flags |
---|---|---|---|---|---|---|
r-devel-linux-x86_64-debian-clang | 0.4.7 | 2.37 | 53.92 | 56.29 | NOTE | |
r-devel-linux-x86_64-debian-gcc | 0.4.7 | 1.84 | 40.97 | 42.81 | NOTE | |
r-devel-linux-x86_64-fedora-clang | 0.4.7 | 87.66 | OK | |||
r-devel-linux-x86_64-fedora-gcc | 0.4.7 | 97.75 | OK | |||
r-devel-windows-x86_64 | 0.4.7 | 4.00 | 100.00 | 104.00 | OK | |
r-patched-linux-x86_64 | 0.4.7 | 2.45 | 51.79 | 54.24 | OK | |
r-release-linux-x86_64 | OK | |||||
r-release-macos-arm64 | 0.4.7 | 43.00 | OK | |||
r-release-macos-x86_64 | 0.4.7 | 77.00 | OK | |||
r-release-windows-x86_64 | 0.4.7 | 3.00 | 105.00 | 108.00 | OK | |
r-oldrel-macos-arm64 | 0.4.7 | 39.00 | OK | |||
r-oldrel-macos-x86_64 | 0.4.7 | 61.00 | OK | |||
r-oldrel-windows-x86_64 | 0.4.7 | 4.00 | 104.00 | 108.00 | OK |
Version: 0.4.7
Check: CRAN incoming feasibility
Result: NOTE
Maintainer: ‘Scott Sherrill-Mix <ssm@msu.edu>’
No Authors@R field in DESCRIPTION.
Please add one, modifying
Authors@R: c(person(given = "Scott",
family = "Sherrill-Mix",
role = c("aut", "cre"),
email = "ssm@msu.edu"),
person(given = "Erik",
family = "Clarke",
role = "aut"))
as necessary.
Flavors: r-devel-linux-x86_64-debian-clang, r-devel-linux-x86_64-debian-gcc
These binaries (installable software) and packages are in development.
They may not be fully stable and should be used with caution. We make no claims about them.