Last updated on 2025-07-05 11:49:32 CEST.
Flavor | Version | Tinstall | Tcheck | Ttotal | Status | Flags |
---|---|---|---|---|---|---|
r-devel-linux-x86_64-fedora-clang | 1.3.1 | 87.76 | OK | |||
r-release-macos-arm64 | 1.3.0 | 64.00 | NOTE | |||
r-release-macos-x86_64 | 1.3.1 | 56.00 | OK | |||
r-oldrel-macos-arm64 | 1.3.0 | 65.00 | OK | |||
r-oldrel-macos-x86_64 | 1.3.1 | 56.00 | OK |
Version: 1.3.0
Check: DESCRIPTION meta-information
Result: NOTE
Missing dependency on R >= 4.1.0 because package code uses the pipe
|> or function shorthand \(...) syntax added in R 4.1.0.
File(s) using such syntax:
‘glob_cr_vis.Rd’ ‘glob_cub_vis.R’ ‘glob_knn_vis.R’ ‘glob_knn_vis.Rd’
‘glob_nn_vis.R’ ‘glob_nn_vis.Rd’ ‘viralx_knn.R’ ‘viralx_knn_glob.R’
‘viralx_knn_glob.Rd’ ‘viralx_knn_shap.R’ ‘viralx_knn_vis.R’
‘viralx_mars.R’ ‘viralx_mars.Rd’ ‘viralx_mars_shap.R’
‘viralx_mars_shap.Rd’ ‘viralx_mars_vis.R’ ‘viralx_mars_vis.Rd’
‘viralx_nn.R’ ‘viralx_nn.Rd’ ‘viralx_nn_glob.R’ ‘viralx_nn_glob.Rd’
‘viralx_nn_shap.R’ ‘viralx_nn_shap.Rd’ ‘viralx_nn_vis.R’
‘viralx_nn_vis.Rd’
Flavor: r-release-macos-arm64
These binaries (installable software) and packages are in development.
They may not be fully stable and should be used with caution. We make no claims about them.