CRAN Package Check Results for Package viralx

Last updated on 2025-02-16 08:51:05 CET.

Flavor Version Tinstall Tcheck Ttotal Status Flags
r-devel-linux-x86_64-debian-clang 1.3.0 12.53 148.21 160.74 NOTE
r-devel-linux-x86_64-debian-gcc 1.3.0 9.56 103.08 112.64 NOTE
r-devel-linux-x86_64-fedora-clang 1.3.0 264.97 NOTE
r-devel-linux-x86_64-fedora-gcc 1.3.0 233.86 NOTE
r-devel-macos-arm64 1.3.0 69.00 OK
r-devel-macos-x86_64 1.3.0 145.00 NOTE
r-devel-windows-x86_64 1.3.0 14.00 140.00 154.00 NOTE
r-patched-linux-x86_64 1.3.0 10.26 138.36 148.62 OK
r-release-linux-x86_64 1.3.0 12.42 136.74 149.16 OK
r-release-macos-arm64 1.3.0 65.00 OK
r-release-macos-x86_64 1.3.0 104.00 OK
r-release-windows-x86_64 1.3.0 14.00 144.00 158.00 OK
r-oldrel-macos-arm64 1.3.0 73.00 OK
r-oldrel-macos-x86_64 1.3.0 176.00 OK
r-oldrel-windows-x86_64 1.3.0 19.00 193.00 212.00 OK

Check Details

Version: 1.3.0
Check: DESCRIPTION meta-information
Result: NOTE Missing dependency on R >= 4.1.0 because package code uses the pipe |> or function shorthand \(...) syntax added in R 4.1.0. File(s) using such syntax: ‘glob_cub_vis.R’ ‘glob_knn_vis.R’ ‘glob_nn_vis.R’ ‘viralx_knn.R’ ‘viralx_knn_glob.R’ ‘viralx_knn_shap.R’ ‘viralx_knn_vis.R’ ‘viralx_mars.R’ ‘viralx_mars_shap.R’ ‘viralx_mars_vis.R’ ‘viralx_nn.R’ ‘viralx_nn_glob.R’ ‘viralx_nn_shap.R’ ‘viralx_nn_vis.R’ Flavors: r-devel-linux-x86_64-debian-clang, r-devel-linux-x86_64-debian-gcc, r-devel-linux-x86_64-fedora-clang, r-devel-linux-x86_64-fedora-gcc, r-devel-macos-x86_64, r-devel-windows-x86_64

These binaries (installable software) and packages are in development.
They may not be fully stable and should be used with caution. We make no claims about them.