Last updated on 2025-02-16 08:51:05 CET.
Flavor | Version | Tinstall | Tcheck | Ttotal | Status | Flags |
---|---|---|---|---|---|---|
r-devel-linux-x86_64-debian-clang | 0.4.2 | 1.48 | 20.42 | 21.90 | NOTE | |
r-devel-linux-x86_64-debian-gcc | 0.4.2 | 1.20 | 16.68 | 17.88 | NOTE | |
r-devel-linux-x86_64-fedora-clang | 0.4.2 | 37.14 | NOTE | |||
r-devel-linux-x86_64-fedora-gcc | 0.4.2 | 34.60 | NOTE | |||
r-devel-macos-arm64 | 0.4.2 | 16.00 | NOTE | |||
r-devel-macos-x86_64 | 0.4.2 | 28.00 | NOTE | |||
r-devel-windows-x86_64 | 0.4.2 | 3.00 | 44.00 | 47.00 | NOTE | |
r-patched-linux-x86_64 | 0.4.2 | 1.39 | 19.60 | 20.99 | NOTE | |
r-release-linux-x86_64 | 0.4.2 | 1.27 | 19.77 | 21.04 | NOTE | |
r-release-macos-arm64 | 0.4.2 | 20.00 | NOTE | |||
r-release-macos-x86_64 | 0.4.2 | 25.00 | NOTE | |||
r-release-windows-x86_64 | 0.4.2 | 5.00 | 48.00 | 53.00 | NOTE | |
r-oldrel-macos-arm64 | 0.4.2 | 26.00 | OK | |||
r-oldrel-macos-x86_64 | 0.4.2 | 45.00 | OK | |||
r-oldrel-windows-x86_64 | 0.4.2 | 4.00 | 42.00 | 46.00 | OK |
Version: 0.4.2
Check: Rd files
Result: NOTE
checkRd: (-1) viridis.Rd:50: Lost braces in \itemize; meant \describe ?
checkRd: (-1) viridis.Rd:51: Lost braces in \itemize; meant \describe ?
checkRd: (-1) viridis.Rd:52: Lost braces in \itemize; meant \describe ?
checkRd: (-1) viridis.Rd:53: Lost braces in \itemize; meant \describe ?
checkRd: (-1) viridis.Rd:54: Lost braces in \itemize; meant \describe ?
checkRd: (-1) viridis.Rd:55: Lost braces in \itemize; meant \describe ?
checkRd: (-1) viridis.Rd:56: Lost braces in \itemize; meant \describe ?
checkRd: (-1) viridis.Rd:57: Lost braces in \itemize; meant \describe ?
checkRd: (-1) viridis.map.Rd:24-30: Lost braces in \itemize; meant \describe ?
checkRd: (-1) viridis.map.Rd:31-34: Lost braces in \itemize; meant \describe ?
checkRd: (-1) viridis.map.Rd:35: Lost braces in \itemize; meant \describe ?
checkRd: (-1) viridis.map.Rd:36-37: Lost braces in \itemize; meant \describe ?
checkRd: (-1) viridis.map.Rd:10: Lost braces in \itemize; meant \describe ?
checkRd: (-1) viridis.map.Rd:11: Lost braces in \itemize; meant \describe ?
checkRd: (-1) viridis.map.Rd:12: Lost braces in \itemize; meant \describe ?
checkRd: (-1) viridis.map.Rd:13-14: Lost braces in \itemize; meant \describe ?
checkRd: (-1) viridis.map.Rd:42: Lost braces in \itemize; meant \describe ?
checkRd: (-1) viridis.map.Rd:43: Lost braces in \itemize; meant \describe ?
checkRd: (-1) viridis.map.Rd:44: Lost braces in \itemize; meant \describe ?
checkRd: (-1) viridis.map.Rd:45: Lost braces in \itemize; meant \describe ?
Flavors: r-devel-linux-x86_64-debian-clang, r-devel-linux-x86_64-debian-gcc, r-devel-linux-x86_64-fedora-clang, r-devel-linux-x86_64-fedora-gcc, r-devel-macos-arm64, r-devel-macos-x86_64, r-devel-windows-x86_64, r-patched-linux-x86_64, r-release-linux-x86_64, r-release-macos-arm64, r-release-macos-x86_64, r-release-windows-x86_64
These binaries (installable software) and packages are in development.
They may not be fully stable and should be used with caution. We make no claims about them.