CRAN Package Check Results for Package virustotal

Last updated on 2025-05-08 04:52:22 CEST.

Flavor Version Tinstall Tcheck Ttotal Status Flags
r-devel-linux-x86_64-debian-clang 0.2.2 2.29 32.18 34.47 NOTE
r-devel-linux-x86_64-debian-gcc 0.2.2 1.99 25.71 27.70 NOTE
r-devel-linux-x86_64-fedora-clang 0.2.2 54.81 OK
r-devel-linux-x86_64-fedora-gcc 0.2.2 67.78 OK
r-devel-windows-x86_64 0.2.2 4.00 55.00 59.00 OK
r-patched-linux-x86_64 0.2.2 2.79 29.98 32.77 OK
r-release-linux-x86_64 0.2.2 2.53 30.11 32.64 OK
r-release-macos-arm64 0.2.2 26.00 OK
r-release-macos-x86_64 0.2.2 42.00 OK
r-release-windows-x86_64 0.2.2 5.00 59.00 64.00 OK
r-oldrel-macos-arm64 0.2.2 26.00 OK
r-oldrel-macos-x86_64 0.2.2 36.00 OK
r-oldrel-windows-x86_64 0.2.2 5.00 65.00 70.00 OK

Check Details

Version: 0.2.2
Check: CRAN incoming feasibility
Result: NOTE Maintainer: ‘Gaurav Sood <gsood07@gmail.com>’ Package CITATION file contains call(s) to old-style personList() or as.personList(). Please use c() on person objects instead. Package CITATION file contains call(s) to old-style citEntry(). Please use bibentry() instead. Flavors: r-devel-linux-x86_64-debian-clang, r-devel-linux-x86_64-debian-gcc

These binaries (installable software) and packages are in development.
They may not be fully stable and should be used with caution. We make no claims about them.